{"id":5121,"date":"2025-09-10T16:04:38","date_gmt":"2025-09-10T16:04:38","guid":{"rendered":"https:\/\/gudayterreros.com\/project\/acceso-general-clinica-del-remei\/"},"modified":"2025-09-10T16:04:38","modified_gmt":"2025-09-10T16:04:38","slug":"acceso-general-clinica-del-remei","status":"publish","type":"project","link":"https:\/\/gudayterreros.com\/es\/project\/acceso-general-clinica-del-remei\/","title":{"rendered":"Acceso General Cl\u00ednica del Remei"},"content":{"rendered":"<p>La remodelaci\u00f3n de la Cl\u00ednica del Remei se ha realizado en diferentes fases con un objetivo \u00fanico. En este proyecto hemos realizado la redacci\u00f3n del proyecto, y la direcci\u00f3n de ejecuci\u00f3n de la obra y la direcci\u00f3n de las instalaciones, sucesivamente. Hemos supervisado aspectos constructivos y t\u00e9cnicos de conformidad con el proyecto, licencia de edificaci\u00f3n y condiciones del contrato. Los nuevos espacios de los accesos generales a la Cl\u00ednica est\u00e1n ubicados en la planta baja, con acceso directo desde la calle. Se ha creado espacio para:<\/p>\n<p>Vest\u00edbulo general<br \/>Recepci\u00f3n general<br \/>Sala de espera general con capacidad para 60 personas.<br \/>3 Boxes de ingreso de pacientes, 1 box de caja, y 1 box de atenci\u00f3n al usuario.<br \/>4 Ba\u00f1os<br \/>El resultado es nuestra mejor carta de presentaci\u00f3n as\u00ed como la experiencia y formaci\u00f3n del equipo que nos permite realizar con \u00e9xito todos los procesos.<\/p>\n","protected":false},"excerpt":{"rendered":"<p>La remodelaci\u00f3n de la Cl\u00ednica del Remei se ha realizado en diferentes fases con un objetivo \u00fanico. En este proyecto hemos realizado la redacci\u00f3n del proyecto, y la direcci\u00f3n de ejecuci\u00f3n de la obra y la direcci\u00f3n de las instalaciones, sucesivamente. Hemos supervisado aspectos constructivos y t\u00e9cnicos de conformidad con el proyecto, licencia de edificaci\u00f3n [&hellip;]<\/p>\n","protected":false},"author":3,"featured_media":5083,"comment_status":"closed","ping_status":"closed","template":"","meta":{"_et_pb_use_builder":"","_et_pb_old_content":"","_et_gb_content_width":""},"project_category":[89],"project_tag":[],"acf":[],"yoast_head":"<!-- This site is optimized with the Yoast SEO plugin v19.10 - https:\/\/yoast.com\/wordpress\/plugins\/seo\/ -->\n<title>Acceso General Cl\u00ednica del Remei - Guday Terreros<\/title>\n<meta name=\"robots\" content=\"index, follow, max-snippet:-1, max-image-preview:large, max-video-preview:-1\" \/>\n<link rel=\"canonical\" href=\"https:\/\/gudayterreros.com\/es\/project\/acceso-general-clinica-del-remei\/\" \/>\n<meta property=\"og:locale\" content=\"es_ES\" \/>\n<meta property=\"og:type\" content=\"article\" \/>\n<meta property=\"og:title\" content=\"Acceso General Cl\u00ednica del Remei - Guday Terreros\" \/>\n<meta property=\"og:description\" content=\"La remodelaci\u00f3n de la Cl\u00ednica del Remei se ha realizado en diferentes fases con un objetivo \u00fanico. En este proyecto hemos realizado la redacci\u00f3n del proyecto, y la direcci\u00f3n de ejecuci\u00f3n de la obra y la direcci\u00f3n de las instalaciones, sucesivamente. Hemos supervisado aspectos constructivos y t\u00e9cnicos de conformidad con el proyecto, licencia de edificaci\u00f3n [&hellip;]\" \/>\n<meta property=\"og:url\" content=\"https:\/\/gudayterreros.com\/es\/project\/acceso-general-clinica-del-remei\/\" \/>\n<meta property=\"og:site_name\" content=\"Guday Terreros\" \/>\n<meta name=\"twitter:card\" content=\"summary_large_image\" \/>\n<meta name=\"twitter:label1\" content=\"Tiempo de lectura\" \/>\n\t<meta name=\"twitter:data1\" content=\"1 minuto\" \/>\n<script type=\"application\/ld+json\" class=\"yoast-schema-graph\">{\"@context\":\"https:\/\/schema.org\",\"@graph\":[{\"@type\":\"WebPage\",\"@id\":\"https:\/\/gudayterreros.com\/es\/project\/acceso-general-clinica-del-remei\/\",\"url\":\"https:\/\/gudayterreros.com\/es\/project\/acceso-general-clinica-del-remei\/\",\"name\":\"Acceso General Cl\u00ednica del Remei - Guday Terreros\",\"isPartOf\":{\"@id\":\"https:\/\/gudayterreros.com\/es\/#website\"},\"datePublished\":\"2025-09-10T16:04:38+00:00\",\"dateModified\":\"2025-09-10T16:04:38+00:00\",\"breadcrumb\":{\"@id\":\"https:\/\/gudayterreros.com\/es\/project\/acceso-general-clinica-del-remei\/#breadcrumb\"},\"inLanguage\":\"es\",\"potentialAction\":[{\"@type\":\"ReadAction\",\"target\":[\"https:\/\/gudayterreros.com\/es\/project\/acceso-general-clinica-del-remei\/\"]}]},{\"@type\":\"BreadcrumbList\",\"@id\":\"https:\/\/gudayterreros.com\/es\/project\/acceso-general-clinica-del-remei\/#breadcrumb\",\"itemListElement\":[{\"@type\":\"ListItem\",\"position\":1,\"name\":\"Portada\",\"item\":\"https:\/\/gudayterreros.com\/es\/\"},{\"@type\":\"ListItem\",\"position\":2,\"name\":\"Proyectos\",\"item\":\"https:\/\/gudayterreros.com\/es\/project\/\"},{\"@type\":\"ListItem\",\"position\":3,\"name\":\"Acceso General Cl\u00ednica del Remei\"}]},{\"@type\":\"WebSite\",\"@id\":\"https:\/\/gudayterreros.com\/es\/#website\",\"url\":\"https:\/\/gudayterreros.com\/es\/\",\"name\":\"Guday Terreros\",\"description\":\"Despacho Arquitectura\",\"potentialAction\":[{\"@type\":\"SearchAction\",\"target\":{\"@type\":\"EntryPoint\",\"urlTemplate\":\"https:\/\/gudayterreros.com\/es\/?s={search_term_string}\"},\"query-input\":\"required name=search_term_string\"}],\"inLanguage\":\"es\"}]}<\/script>\n<!-- \/ Yoast SEO plugin. -->","yoast_head_json":{"title":"Acceso General Cl\u00ednica del Remei - Guday Terreros","robots":{"index":"index","follow":"follow","max-snippet":"max-snippet:-1","max-image-preview":"max-image-preview:large","max-video-preview":"max-video-preview:-1"},"canonical":"https:\/\/gudayterreros.com\/es\/project\/acceso-general-clinica-del-remei\/","og_locale":"es_ES","og_type":"article","og_title":"Acceso General Cl\u00ednica del Remei - Guday Terreros","og_description":"La remodelaci\u00f3n de la Cl\u00ednica del Remei se ha realizado en diferentes fases con un objetivo \u00fanico. En este proyecto hemos realizado la redacci\u00f3n del proyecto, y la direcci\u00f3n de ejecuci\u00f3n de la obra y la direcci\u00f3n de las instalaciones, sucesivamente. Hemos supervisado aspectos constructivos y t\u00e9cnicos de conformidad con el proyecto, licencia de edificaci\u00f3n [&hellip;]","og_url":"https:\/\/gudayterreros.com\/es\/project\/acceso-general-clinica-del-remei\/","og_site_name":"Guday Terreros","twitter_card":"summary_large_image","twitter_misc":{"Tiempo de lectura":"1 minuto"},"schema":{"@context":"https:\/\/schema.org","@graph":[{"@type":"WebPage","@id":"https:\/\/gudayterreros.com\/es\/project\/acceso-general-clinica-del-remei\/","url":"https:\/\/gudayterreros.com\/es\/project\/acceso-general-clinica-del-remei\/","name":"Acceso General Cl\u00ednica del Remei - Guday Terreros","isPartOf":{"@id":"https:\/\/gudayterreros.com\/es\/#website"},"datePublished":"2025-09-10T16:04:38+00:00","dateModified":"2025-09-10T16:04:38+00:00","breadcrumb":{"@id":"https:\/\/gudayterreros.com\/es\/project\/acceso-general-clinica-del-remei\/#breadcrumb"},"inLanguage":"es","potentialAction":[{"@type":"ReadAction","target":["https:\/\/gudayterreros.com\/es\/project\/acceso-general-clinica-del-remei\/"]}]},{"@type":"BreadcrumbList","@id":"https:\/\/gudayterreros.com\/es\/project\/acceso-general-clinica-del-remei\/#breadcrumb","itemListElement":[{"@type":"ListItem","position":1,"name":"Portada","item":"https:\/\/gudayterreros.com\/es\/"},{"@type":"ListItem","position":2,"name":"Proyectos","item":"https:\/\/gudayterreros.com\/es\/project\/"},{"@type":"ListItem","position":3,"name":"Acceso General Cl\u00ednica del Remei"}]},{"@type":"WebSite","@id":"https:\/\/gudayterreros.com\/es\/#website","url":"https:\/\/gudayterreros.com\/es\/","name":"Guday Terreros","description":"Despacho Arquitectura","potentialAction":[{"@type":"SearchAction","target":{"@type":"EntryPoint","urlTemplate":"https:\/\/gudayterreros.com\/es\/?s={search_term_string}"},"query-input":"required name=search_term_string"}],"inLanguage":"es"}]}},"_links":{"self":[{"href":"https:\/\/gudayterreros.com\/es\/wp-json\/wp\/v2\/project\/5121"}],"collection":[{"href":"https:\/\/gudayterreros.com\/es\/wp-json\/wp\/v2\/project"}],"about":[{"href":"https:\/\/gudayterreros.com\/es\/wp-json\/wp\/v2\/types\/project"}],"author":[{"embeddable":true,"href":"https:\/\/gudayterreros.com\/es\/wp-json\/wp\/v2\/users\/3"}],"replies":[{"embeddable":true,"href":"https:\/\/gudayterreros.com\/es\/wp-json\/wp\/v2\/comments?post=5121"}],"version-history":[{"count":0,"href":"https:\/\/gudayterreros.com\/es\/wp-json\/wp\/v2\/project\/5121\/revisions"}],"wp:featuredmedia":[{"embeddable":true,"href":"https:\/\/gudayterreros.com\/es\/wp-json\/wp\/v2\/media\/5083"}],"wp:attachment":[{"href":"https:\/\/gudayterreros.com\/es\/wp-json\/wp\/v2\/media?parent=5121"}],"wp:term":[{"taxonomy":"project_category","embeddable":true,"href":"https:\/\/gudayterreros.com\/es\/wp-json\/wp\/v2\/project_category?post=5121"},{"taxonomy":"project_tag","embeddable":true,"href":"https:\/\/gudayterreros.com\/es\/wp-json\/wp\/v2\/project_tag?post=5121"}],"curies":[{"name":"wp","href":"https:\/\/api.w.org\/{rel}","templated":true}]}}

Acceso General Clínica del Remei

<p>La remodelación de la Clínica del Remei se ha realizado en diferentes fases con un objetivo único. En este proyecto hemos realizado la redacción del proyecto, y la dirección de ejecución de la obra y la dirección de las instalaciones, sucesivamente. Hemos supervisado aspectos constructivos y técnicos de conformidad con el proyecto, licencia de edificación y condiciones del contrato. Los nuevos espacios de los accesos generales a la Clínica están ubicados en la planta baja, con acceso directo desde la calle. Se ha creado espacio para:</p>
<p>Vestíbulo general<br />Recepción general<br />Sala de espera general con capacidad para 60 personas.<br />3 Boxes de ingreso de pacientes, 1 box de caja, y 1 box de atención al usuario.<br />4 Baños<br />El resultado es nuestra mejor carta de presentación así como la experiencia y formación del equipo que nos permite realizar con éxito todos los procesos.</p>

<p>La remodelación de la Clínica del Remei se ha realizado en diferentes fases con un objetivo único. En este proyecto hemos realizado la redacción del proyecto, y la dirección de ejecución de la obra y la dirección de las instalaciones, sucesivamente. Hemos supervisado aspectos constructivos y técnicos de conformidad con el proyecto, licencia de edificación [&hellip;]</p>

<!-- This site is optimized with the Yoast SEO plugin v19.10 - https://yoast.com/wordpress/plugins/seo/ -->
<title>Acceso General Clínica del Remei - Guday Terreros</title>
<meta name="robots" content="index, follow, max-snippet:-1, max-image-preview:large, max-video-preview:-1" />
<link rel="canonical" href="https://gudayterreros.com/es/project/acceso-general-clinica-del-remei/" />
<meta property="og:locale" content="es_ES" />
<meta property="og:type" content="article" />
<meta property="og:title" content="Acceso General Clínica del Remei - Guday Terreros" />
<meta property="og:description" content="La remodelación de la Clínica del Remei se ha realizado en diferentes fases con un objetivo único. En este proyecto hemos realizado la redacción del proyecto, y la dirección de ejecución de la obra y la dirección de las instalaciones, sucesivamente. Hemos supervisado aspectos constructivos y técnicos de conformidad con el proyecto, licencia de edificación [&hellip;]" />
<meta property="og:url" content="https://gudayterreros.com/es/project/acceso-general-clinica-del-remei/" />
<meta property="og:site_name" content="Guday Terreros" />
<meta name="twitter:card" content="summary_large_image" />
<meta name="twitter:label1" content="Tiempo de lectura" />
	<meta name="twitter:data1" content="1 minuto" />
<script type="application/ld+json" class="yoast-schema-graph">{"@context":"https://schema.org","@graph":[{"@type":"WebPage","@id":"https://gudayterreros.com/es/project/acceso-general-clinica-del-remei/","url":"https://gudayterreros.com/es/project/acceso-general-clinica-del-remei/","name":"Acceso General Clínica del Remei - Guday Terreros","isPartOf":{"@id":"https://gudayterreros.com/es/#website"},"datePublished":"2025-09-10T16:04:38+00:00","dateModified":"2025-09-10T16:04:38+00:00","breadcrumb":{"@id":"https://gudayterreros.com/es/project/acceso-general-clinica-del-remei/#breadcrumb"},"inLanguage":"es","potentialAction":[{"@type":"ReadAction","target":["https://gudayterreros.com/es/project/acceso-general-clinica-del-remei/"]}]},{"@type":"BreadcrumbList","@id":"https://gudayterreros.com/es/project/acceso-general-clinica-del-remei/#breadcrumb","itemListElement":[{"@type":"ListItem","position":1,"name":"Portada","item":"https://gudayterreros.com/es/"},{"@type":"ListItem","position":2,"name":"Proyectos","item":"https://gudayterreros.com/es/project/"},{"@type":"ListItem","position":3,"name":"Acceso General Clínica del Remei"}]},{"@type":"WebSite","@id":"https://gudayterreros.com/es/#website","url":"https://gudayterreros.com/es/","name":"Guday Terreros","description":"Despacho Arquitectura","potentialAction":[{"@type":"SearchAction","target":{"@type":"EntryPoint","urlTemplate":"https://gudayterreros.com/es/?s={search_term_string}"},"query-input":"required name=search_term_string"}],"inLanguage":"es"}]}</script>
<!-- / Yoast SEO plugin. -->

Acceso General Clínica del Remei - Guday Terreros

La remodelación de la Clínica del Remei se ha realizado en diferentes fases con un objetivo único. En este proyecto hemos realizado la redacción del proyecto, y la dirección de ejecución de la obra y la dirección de las instalaciones, sucesivamente. Hemos supervisado aspectos constructivos y técnicos de conformidad con el proyecto, licencia de edificación [&hellip;]
