{"id":4517,"date":"2022-01-20T14:35:08","date_gmt":"2022-01-20T14:35:08","guid":{"rendered":"https:\/\/gudayterreros.com\/project\/noves-habitacions-de-clinica\/"},"modified":"2025-03-21T14:15:43","modified_gmt":"2025-03-21T14:15:43","slug":"habitaciones-clinica-remei","status":"publish","type":"project","link":"https:\/\/gudayterreros.com\/es\/project\/habitaciones-clinica-remei\/","title":{"rendered":"Habitaciones Cl\u00ednica del Remei"},"content":{"rendered":"<p>La remodelaci\u00f3n de la Cl\u00ednica del Remei se ha realizado en diferentes fases con un objetivo \u00fanico.<\/p>\n<p>En este proyecto hemos realizado la direcci\u00f3n de ejecuci\u00f3n de la obra y la direcci\u00f3n de las instalaciones sucesivamente.<\/p>\n<p>Hemos supervisado aspectos constructivos y t\u00e9cnicos, de conformidad con el proyecto, la licencia de edificaci\u00f3n y las condiciones del contrato.<br \/>\nLa ejecuci\u00f3n material de la obra revisando el control cualitativo y cuantitativo de la construcci\u00f3n y la calidad de lo que se ha edificado.<\/p>\n<p>El inicio de esta reforma empieza desde el exterior donde la necesidad de nuestro cliente era transformar los antiguos balcones en nuevos espacios interiores. Para su realizaci\u00f3n se opt\u00f3 por materiales innovadores y de alta calidad. La combinaci\u00f3n de lamas de madera de bamb\u00fa ign\u00edfuga y una perfiler\u00eda met\u00e1lica de aluminio de la casa Technal ha sido perfecta.<\/p>\n<p>Una vez finalizada la fachada con una imagen renovada, se inicia la siguiente fase, la distribuci\u00f3n interna.<br \/>\nLa optimizaci\u00f3n de recursos y espacios permite crear cuatro habitaciones \u201cstandards\u201d y una suite en la misma planta.<\/p>\n<p>El resultado es nuestra mejor carta de presentaci\u00f3n as\u00ed como la experiencia y formaci\u00f3n del equipo que nos permite realizar con \u00e9xito todos los procesos.<\/p>\n","protected":false},"excerpt":{"rendered":"<p>La remodelaci\u00f3n de la Cl\u00ednica del Remei se ha realizado en diferentes fases con un objetivo \u00fanico. En este proyecto hemos realizado la direcci\u00f3n de ejecuci\u00f3n de la obra y la direcci\u00f3n de las instalaciones sucesivamente. Hemos supervisado aspectos constructivos y t\u00e9cnicos, de conformidad con el proyecto, la licencia de edificaci\u00f3n y las condiciones del [&hellip;]<\/p>\n","protected":false},"author":3,"featured_media":4497,"comment_status":"closed","ping_status":"closed","template":"","meta":{"_et_pb_use_builder":"","_et_pb_old_content":"","_et_gb_content_width":""},"project_category":[89],"project_tag":[],"acf":[],"yoast_head":"<!-- This site is optimized with the Yoast SEO plugin v19.10 - https:\/\/yoast.com\/wordpress\/plugins\/seo\/ -->\n<title>Habitaciones Cl\u00ednica del Remei del Remei - Guday Terreros<\/title>\n<meta name=\"description\" content=\"Guday Terreros Arquitectura se ha encargado de la Direcci\u00f3n de la ejecuci\u00f3n constructiva, direcci\u00f3n de la ejecuci\u00f3n de las instalaciones y control de seguridad y salud para las nuevas habitaciones de la Cl\u00ednica del Remei de Barcelona.\" \/>\n<meta name=\"robots\" content=\"index, follow, max-snippet:-1, max-image-preview:large, max-video-preview:-1\" \/>\n<link rel=\"canonical\" href=\"https:\/\/gudayterreros.com\/es\/project\/habitaciones-clinica-remei\/\" \/>\n<meta property=\"og:locale\" content=\"es_ES\" \/>\n<meta property=\"og:type\" content=\"article\" \/>\n<meta property=\"og:title\" content=\"Habitaciones Cl\u00ednica del Remei del Remei - Guday Terreros\" \/>\n<meta property=\"og:description\" content=\"Guday Terreros Arquitectura se ha encargado de la Direcci\u00f3n de la ejecuci\u00f3n constructiva, direcci\u00f3n de la ejecuci\u00f3n de las instalaciones y control de seguridad y salud para las nuevas habitaciones de la Cl\u00ednica del Remei de Barcelona.\" \/>\n<meta property=\"og:url\" content=\"https:\/\/gudayterreros.com\/es\/project\/habitaciones-clinica-remei\/\" \/>\n<meta property=\"og:site_name\" content=\"Guday Terreros\" \/>\n<meta property=\"article:modified_time\" content=\"2025-03-21T14:15:43+00:00\" \/>\n<meta property=\"og:image\" content=\"https:\/\/gudayterreros.com\/wp-content\/uploads\/2022\/01\/habitacio-suite-gudayterreros-7LR.jpg\" \/>\n\t<meta property=\"og:image:width\" content=\"900\" \/>\n\t<meta property=\"og:image:height\" content=\"600\" \/>\n\t<meta property=\"og:image:type\" content=\"image\/jpeg\" \/>\n<meta name=\"twitter:card\" content=\"summary_large_image\" \/>\n<meta name=\"twitter:label1\" content=\"Tiempo de lectura\" \/>\n\t<meta name=\"twitter:data1\" content=\"1 minuto\" \/>\n<script type=\"application\/ld+json\" class=\"yoast-schema-graph\">{\"@context\":\"https:\/\/schema.org\",\"@graph\":[{\"@type\":\"WebPage\",\"@id\":\"https:\/\/gudayterreros.com\/es\/project\/habitaciones-clinica-remei\/\",\"url\":\"https:\/\/gudayterreros.com\/es\/project\/habitaciones-clinica-remei\/\",\"name\":\"Habitaciones Cl\u00ednica del Remei del Remei - Guday Terreros\",\"isPartOf\":{\"@id\":\"https:\/\/gudayterreros.com\/es\/#website\"},\"datePublished\":\"2022-01-20T14:35:08+00:00\",\"dateModified\":\"2025-03-21T14:15:43+00:00\",\"description\":\"Guday Terreros Arquitectura se ha encargado de la Direcci\u00f3n de la ejecuci\u00f3n constructiva, direcci\u00f3n de la ejecuci\u00f3n de las instalaciones y control de seguridad y salud para las nuevas habitaciones de la Cl\u00ednica del Remei de Barcelona.\",\"breadcrumb\":{\"@id\":\"https:\/\/gudayterreros.com\/es\/project\/habitaciones-clinica-remei\/#breadcrumb\"},\"inLanguage\":\"es\",\"potentialAction\":[{\"@type\":\"ReadAction\",\"target\":[\"https:\/\/gudayterreros.com\/es\/project\/habitaciones-clinica-remei\/\"]}]},{\"@type\":\"BreadcrumbList\",\"@id\":\"https:\/\/gudayterreros.com\/es\/project\/habitaciones-clinica-remei\/#breadcrumb\",\"itemListElement\":[{\"@type\":\"ListItem\",\"position\":1,\"name\":\"Portada\",\"item\":\"https:\/\/gudayterreros.com\/es\/\"},{\"@type\":\"ListItem\",\"position\":2,\"name\":\"Proyectos\",\"item\":\"https:\/\/gudayterreros.com\/es\/project\/\"},{\"@type\":\"ListItem\",\"position\":3,\"name\":\"Habitaciones Cl\u00ednica del Remei\"}]},{\"@type\":\"WebSite\",\"@id\":\"https:\/\/gudayterreros.com\/es\/#website\",\"url\":\"https:\/\/gudayterreros.com\/es\/\",\"name\":\"Guday Terreros\",\"description\":\"Despacho Arquitectura\",\"potentialAction\":[{\"@type\":\"SearchAction\",\"target\":{\"@type\":\"EntryPoint\",\"urlTemplate\":\"https:\/\/gudayterreros.com\/es\/?s={search_term_string}\"},\"query-input\":\"required name=search_term_string\"}],\"inLanguage\":\"es\"}]}<\/script>\n<!-- \/ Yoast SEO plugin. -->","yoast_head_json":{"title":"Habitaciones Cl\u00ednica del Remei del Remei - Guday Terreros","description":"Guday Terreros Arquitectura se ha encargado de la Direcci\u00f3n de la ejecuci\u00f3n constructiva, direcci\u00f3n de la ejecuci\u00f3n de las instalaciones y control de seguridad y salud para las nuevas habitaciones de la Cl\u00ednica del Remei de Barcelona.","robots":{"index":"index","follow":"follow","max-snippet":"max-snippet:-1","max-image-preview":"max-image-preview:large","max-video-preview":"max-video-preview:-1"},"canonical":"https:\/\/gudayterreros.com\/es\/project\/habitaciones-clinica-remei\/","og_locale":"es_ES","og_type":"article","og_title":"Habitaciones Cl\u00ednica del Remei del Remei - Guday Terreros","og_description":"Guday Terreros Arquitectura se ha encargado de la Direcci\u00f3n de la ejecuci\u00f3n constructiva, direcci\u00f3n de la ejecuci\u00f3n de las instalaciones y control de seguridad y salud para las nuevas habitaciones de la Cl\u00ednica del Remei de Barcelona.","og_url":"https:\/\/gudayterreros.com\/es\/project\/habitaciones-clinica-remei\/","og_site_name":"Guday Terreros","article_modified_time":"2025-03-21T14:15:43+00:00","og_image":[{"width":900,"height":600,"url":"https:\/\/gudayterreros.com\/wp-content\/uploads\/2022\/01\/habitacio-suite-gudayterreros-7LR.jpg","type":"image\/jpeg"}],"twitter_card":"summary_large_image","twitter_misc":{"Tiempo de lectura":"1 minuto"},"schema":{"@context":"https:\/\/schema.org","@graph":[{"@type":"WebPage","@id":"https:\/\/gudayterreros.com\/es\/project\/habitaciones-clinica-remei\/","url":"https:\/\/gudayterreros.com\/es\/project\/habitaciones-clinica-remei\/","name":"Habitaciones Cl\u00ednica del Remei del Remei - Guday Terreros","isPartOf":{"@id":"https:\/\/gudayterreros.com\/es\/#website"},"datePublished":"2022-01-20T14:35:08+00:00","dateModified":"2025-03-21T14:15:43+00:00","description":"Guday Terreros Arquitectura se ha encargado de la Direcci\u00f3n de la ejecuci\u00f3n constructiva, direcci\u00f3n de la ejecuci\u00f3n de las instalaciones y control de seguridad y salud para las nuevas habitaciones de la Cl\u00ednica del Remei de Barcelona.","breadcrumb":{"@id":"https:\/\/gudayterreros.com\/es\/project\/habitaciones-clinica-remei\/#breadcrumb"},"inLanguage":"es","potentialAction":[{"@type":"ReadAction","target":["https:\/\/gudayterreros.com\/es\/project\/habitaciones-clinica-remei\/"]}]},{"@type":"BreadcrumbList","@id":"https:\/\/gudayterreros.com\/es\/project\/habitaciones-clinica-remei\/#breadcrumb","itemListElement":[{"@type":"ListItem","position":1,"name":"Portada","item":"https:\/\/gudayterreros.com\/es\/"},{"@type":"ListItem","position":2,"name":"Proyectos","item":"https:\/\/gudayterreros.com\/es\/project\/"},{"@type":"ListItem","position":3,"name":"Habitaciones Cl\u00ednica del Remei"}]},{"@type":"WebSite","@id":"https:\/\/gudayterreros.com\/es\/#website","url":"https:\/\/gudayterreros.com\/es\/","name":"Guday Terreros","description":"Despacho Arquitectura","potentialAction":[{"@type":"SearchAction","target":{"@type":"EntryPoint","urlTemplate":"https:\/\/gudayterreros.com\/es\/?s={search_term_string}"},"query-input":"required name=search_term_string"}],"inLanguage":"es"}]}},"_links":{"self":[{"href":"https:\/\/gudayterreros.com\/es\/wp-json\/wp\/v2\/project\/4517"}],"collection":[{"href":"https:\/\/gudayterreros.com\/es\/wp-json\/wp\/v2\/project"}],"about":[{"href":"https:\/\/gudayterreros.com\/es\/wp-json\/wp\/v2\/types\/project"}],"author":[{"embeddable":true,"href":"https:\/\/gudayterreros.com\/es\/wp-json\/wp\/v2\/users\/3"}],"replies":[{"embeddable":true,"href":"https:\/\/gudayterreros.com\/es\/wp-json\/wp\/v2\/comments?post=4517"}],"version-history":[{"count":7,"href":"https:\/\/gudayterreros.com\/es\/wp-json\/wp\/v2\/project\/4517\/revisions"}],"predecessor-version":[{"id":5014,"href":"https:\/\/gudayterreros.com\/es\/wp-json\/wp\/v2\/project\/4517\/revisions\/5014"}],"wp:featuredmedia":[{"embeddable":true,"href":"https:\/\/gudayterreros.com\/es\/wp-json\/wp\/v2\/media\/4497"}],"wp:attachment":[{"href":"https:\/\/gudayterreros.com\/es\/wp-json\/wp\/v2\/media?parent=4517"}],"wp:term":[{"taxonomy":"project_category","embeddable":true,"href":"https:\/\/gudayterreros.com\/es\/wp-json\/wp\/v2\/project_category?post=4517"},{"taxonomy":"project_tag","embeddable":true,"href":"https:\/\/gudayterreros.com\/es\/wp-json\/wp\/v2\/project_tag?post=4517"}],"curies":[{"name":"wp","href":"https:\/\/api.w.org\/{rel}","templated":true}]}}

Habitaciones Clínica del Remei

<p>La remodelación de la Clínica del Remei se ha realizado en diferentes fases con un objetivo único.</p>
<p>En este proyecto hemos realizado la dirección de ejecución de la obra y la dirección de las instalaciones sucesivamente.</p>
<p>Hemos supervisado aspectos constructivos y técnicos, de conformidad con el proyecto, la licencia de edificación y las condiciones del contrato.<br />
La ejecución material de la obra revisando el control cualitativo y cuantitativo de la construcción y la calidad de lo que se ha edificado.</p>
<p>El inicio de esta reforma empieza desde el exterior donde la necesidad de nuestro cliente era transformar los antiguos balcones en nuevos espacios interiores. Para su realización se optó por materiales innovadores y de alta calidad. La combinación de lamas de madera de bambú ignífuga y una perfilería metálica de aluminio de la casa Technal ha sido perfecta.</p>
<p>Una vez finalizada la fachada con una imagen renovada, se inicia la siguiente fase, la distribución interna.<br />
La optimización de recursos y espacios permite crear cuatro habitaciones “standards” y una suite en la misma planta.</p>
<p>El resultado es nuestra mejor carta de presentación así como la experiencia y formación del equipo que nos permite realizar con éxito todos los procesos.</p>

<p>La remodelación de la Clínica del Remei se ha realizado en diferentes fases con un objetivo único. En este proyecto hemos realizado la dirección de ejecución de la obra y la dirección de las instalaciones sucesivamente. Hemos supervisado aspectos constructivos y técnicos, de conformidad con el proyecto, la licencia de edificación y las condiciones del [&hellip;]</p>

<!-- This site is optimized with the Yoast SEO plugin v19.10 - https://yoast.com/wordpress/plugins/seo/ -->
<title>Habitaciones Clínica del Remei del Remei - Guday Terreros</title>
<meta name="description" content="Guday Terreros Arquitectura se ha encargado de la Dirección de la ejecución constructiva, dirección de la ejecución de las instalaciones y control de seguridad y salud para las nuevas habitaciones de la Clínica del Remei de Barcelona." />
<meta name="robots" content="index, follow, max-snippet:-1, max-image-preview:large, max-video-preview:-1" />
<link rel="canonical" href="https://gudayterreros.com/es/project/habitaciones-clinica-remei/" />
<meta property="og:locale" content="es_ES" />
<meta property="og:type" content="article" />
<meta property="og:title" content="Habitaciones Clínica del Remei del Remei - Guday Terreros" />
<meta property="og:description" content="Guday Terreros Arquitectura se ha encargado de la Dirección de la ejecución constructiva, dirección de la ejecución de las instalaciones y control de seguridad y salud para las nuevas habitaciones de la Clínica del Remei de Barcelona." />
<meta property="og:url" content="https://gudayterreros.com/es/project/habitaciones-clinica-remei/" />
<meta property="og:site_name" content="Guday Terreros" />
<meta property="article:modified_time" content="2025-03-21T14:15:43+00:00" />
<meta property="og:image" content="https://gudayterreros.com/wp-content/uploads/2022/01/habitacio-suite-gudayterreros-7LR.jpg" />
	<meta property="og:image:width" content="900" />
	<meta property="og:image:height" content="600" />
	<meta property="og:image:type" content="image/jpeg" />
<meta name="twitter:card" content="summary_large_image" />
<meta name="twitter:label1" content="Tiempo de lectura" />
	<meta name="twitter:data1" content="1 minuto" />
<script type="application/ld+json" class="yoast-schema-graph">{"@context":"https://schema.org","@graph":[{"@type":"WebPage","@id":"https://gudayterreros.com/es/project/habitaciones-clinica-remei/","url":"https://gudayterreros.com/es/project/habitaciones-clinica-remei/","name":"Habitaciones Clínica del Remei del Remei - Guday Terreros","isPartOf":{"@id":"https://gudayterreros.com/es/#website"},"datePublished":"2022-01-20T14:35:08+00:00","dateModified":"2025-03-21T14:15:43+00:00","description":"Guday Terreros Arquitectura se ha encargado de la Dirección de la ejecución constructiva, dirección de la ejecución de las instalaciones y control de seguridad y salud para las nuevas habitaciones de la Clínica del Remei de Barcelona.","breadcrumb":{"@id":"https://gudayterreros.com/es/project/habitaciones-clinica-remei/#breadcrumb"},"inLanguage":"es","potentialAction":[{"@type":"ReadAction","target":["https://gudayterreros.com/es/project/habitaciones-clinica-remei/"]}]},{"@type":"BreadcrumbList","@id":"https://gudayterreros.com/es/project/habitaciones-clinica-remei/#breadcrumb","itemListElement":[{"@type":"ListItem","position":1,"name":"Portada","item":"https://gudayterreros.com/es/"},{"@type":"ListItem","position":2,"name":"Proyectos","item":"https://gudayterreros.com/es/project/"},{"@type":"ListItem","position":3,"name":"Habitaciones Clínica del Remei"}]},{"@type":"WebSite","@id":"https://gudayterreros.com/es/#website","url":"https://gudayterreros.com/es/","name":"Guday Terreros","description":"Despacho Arquitectura","potentialAction":[{"@type":"SearchAction","target":{"@type":"EntryPoint","urlTemplate":"https://gudayterreros.com/es/?s={search_term_string}"},"query-input":"required name=search_term_string"}],"inLanguage":"es"}]}</script>
<!-- / Yoast SEO plugin. -->

Habitaciones Clínica del Remei del Remei - Guday Terreros

Guday Terreros Arquitectura se ha encargado de la Dirección de la ejecución constructiva, dirección de la ejecución de las instalaciones y control de seguridad y salud para las nuevas habitaciones de la Clínica del Remei de Barcelona.
