{"id":3862,"date":"2019-06-14T12:37:22","date_gmt":"2019-06-14T12:37:22","guid":{"rendered":"https:\/\/gudayterreros.com\/project\/rehabilitacion-de-fachada-en-el-barrio-de-gracia\/"},"modified":"2021-12-21T08:24:21","modified_gmt":"2021-12-21T08:24:21","slug":"rehabilitacion-de-fachada-en-el-barrio-de-gracia","status":"publish","type":"project","link":"https:\/\/gudayterreros.com\/es\/project\/rehabilitacion-de-fachada-en-el-barrio-de-gracia\/","title":{"rendered":"Rehabilitaci\u00f3n de Fachada en el barrio de Gracia"},"content":{"rendered":"<p>Rehabilitaci\u00f3n de la fachada principal de un Edificio en el barrio de Gr\u00e0cia de Barcelona<\/p>\n<p>Ubicaci\u00f3n: Barrio de Gracia, Ciudad de Barcelona.<\/p>\n<p>A\u00f1o de la Rehabilitaci\u00f3n: 2016<\/p>\n<p>Rehabilitaci\u00f3n de la Fachada, integral, con derribo de baldosas de balcones incluido, y reconstrucci\u00f3n de las mismas.<\/p>\n","protected":false},"excerpt":{"rendered":"<p>Rehabilitaci\u00f3n de la fachada principal de un Edificio en el barrio de Gr\u00e0cia de Barcelona Ubicaci\u00f3n: Barrio de Gracia, Ciudad de Barcelona. A\u00f1o de la Rehabilitaci\u00f3n: 2016 Rehabilitaci\u00f3n de la Fachada, integral, con derribo de baldosas de balcones incluido, y reconstrucci\u00f3n de las mismas.<\/p>\n","protected":false},"author":3,"featured_media":3268,"comment_status":"closed","ping_status":"closed","template":"","meta":{"_et_pb_use_builder":"","_et_pb_old_content":"","_et_gb_content_width":""},"project_category":[90],"project_tag":[],"acf":[],"yoast_head":"<!-- This site is optimized with the Yoast SEO plugin v19.10 - https:\/\/yoast.com\/wordpress\/plugins\/seo\/ -->\n<title>Rehabilitaci\u00f3n de fachada principal I Guday Terreros Arquitecturan<\/title>\n<meta name=\"description\" content=\"En Guday Terreros desarrollamos proyectos de rehabilitaci\u00f3n de fachadas y cubiertas de edificios, y hacemos informes t\u00e9cnicos de edificios (ITE).\" \/>\n<meta name=\"robots\" content=\"index, follow, max-snippet:-1, max-image-preview:large, max-video-preview:-1\" \/>\n<link rel=\"canonical\" href=\"https:\/\/gudayterreros.com\/es\/project\/rehabilitacion-de-fachada-en-el-barrio-de-gracia\/\" \/>\n<meta property=\"og:locale\" content=\"es_ES\" \/>\n<meta property=\"og:type\" content=\"article\" \/>\n<meta property=\"og:title\" content=\"Rehabilitaci\u00f3n de fachada principal I Guday Terreros Arquitecturan\" \/>\n<meta property=\"og:description\" content=\"En Guday Terreros desarrollamos proyectos de rehabilitaci\u00f3n de fachadas y cubiertas de edificios, y hacemos informes t\u00e9cnicos de edificios (ITE).\" \/>\n<meta property=\"og:url\" content=\"https:\/\/gudayterreros.com\/es\/project\/rehabilitacion-de-fachada-en-el-barrio-de-gracia\/\" \/>\n<meta property=\"og:site_name\" content=\"Guday Terreros\" \/>\n<meta property=\"article:modified_time\" content=\"2021-12-21T08:24:21+00:00\" \/>\n<meta property=\"og:image\" content=\"https:\/\/gudayterreros.com\/wp-content\/uploads\/2021\/12\/rehabilitacion-fachada-gracia-barcelona-1-LR-470x470-1.jpg\" \/>\n\t<meta property=\"og:image:width\" content=\"470\" \/>\n\t<meta property=\"og:image:height\" content=\"470\" \/>\n\t<meta property=\"og:image:type\" content=\"image\/jpeg\" \/>\n<meta name=\"twitter:card\" content=\"summary_large_image\" \/>\n<script type=\"application\/ld+json\" class=\"yoast-schema-graph\">{\"@context\":\"https:\/\/schema.org\",\"@graph\":[{\"@type\":\"WebPage\",\"@id\":\"https:\/\/gudayterreros.com\/es\/project\/rehabilitacion-de-fachada-en-el-barrio-de-gracia\/\",\"url\":\"https:\/\/gudayterreros.com\/es\/project\/rehabilitacion-de-fachada-en-el-barrio-de-gracia\/\",\"name\":\"Rehabilitaci\u00f3n de fachada principal I Guday Terreros Arquitecturan\",\"isPartOf\":{\"@id\":\"https:\/\/gudayterreros.com\/es\/#website\"},\"datePublished\":\"2019-06-14T12:37:22+00:00\",\"dateModified\":\"2021-12-21T08:24:21+00:00\",\"description\":\"En Guday Terreros desarrollamos proyectos de rehabilitaci\u00f3n de fachadas y cubiertas de edificios, y hacemos informes t\u00e9cnicos de edificios (ITE).\",\"breadcrumb\":{\"@id\":\"https:\/\/gudayterreros.com\/es\/project\/rehabilitacion-de-fachada-en-el-barrio-de-gracia\/#breadcrumb\"},\"inLanguage\":\"es\",\"potentialAction\":[{\"@type\":\"ReadAction\",\"target\":[\"https:\/\/gudayterreros.com\/es\/project\/rehabilitacion-de-fachada-en-el-barrio-de-gracia\/\"]}]},{\"@type\":\"BreadcrumbList\",\"@id\":\"https:\/\/gudayterreros.com\/es\/project\/rehabilitacion-de-fachada-en-el-barrio-de-gracia\/#breadcrumb\",\"itemListElement\":[{\"@type\":\"ListItem\",\"position\":1,\"name\":\"Portada\",\"item\":\"https:\/\/gudayterreros.com\/es\/\"},{\"@type\":\"ListItem\",\"position\":2,\"name\":\"Proyectos\",\"item\":\"https:\/\/gudayterreros.com\/es\/project\/\"},{\"@type\":\"ListItem\",\"position\":3,\"name\":\"Rehabilitaci\u00f3n de Fachada en el barrio de Gracia\"}]},{\"@type\":\"WebSite\",\"@id\":\"https:\/\/gudayterreros.com\/es\/#website\",\"url\":\"https:\/\/gudayterreros.com\/es\/\",\"name\":\"Guday Terreros\",\"description\":\"Despacho Arquitectura\",\"potentialAction\":[{\"@type\":\"SearchAction\",\"target\":{\"@type\":\"EntryPoint\",\"urlTemplate\":\"https:\/\/gudayterreros.com\/es\/?s={search_term_string}\"},\"query-input\":\"required name=search_term_string\"}],\"inLanguage\":\"es\"}]}<\/script>\n<!-- \/ Yoast SEO plugin. -->","yoast_head_json":{"title":"Rehabilitaci\u00f3n de fachada principal I Guday Terreros Arquitecturan","description":"En Guday Terreros desarrollamos proyectos de rehabilitaci\u00f3n de fachadas y cubiertas de edificios, y hacemos informes t\u00e9cnicos de edificios (ITE).","robots":{"index":"index","follow":"follow","max-snippet":"max-snippet:-1","max-image-preview":"max-image-preview:large","max-video-preview":"max-video-preview:-1"},"canonical":"https:\/\/gudayterreros.com\/es\/project\/rehabilitacion-de-fachada-en-el-barrio-de-gracia\/","og_locale":"es_ES","og_type":"article","og_title":"Rehabilitaci\u00f3n de fachada principal I Guday Terreros Arquitecturan","og_description":"En Guday Terreros desarrollamos proyectos de rehabilitaci\u00f3n de fachadas y cubiertas de edificios, y hacemos informes t\u00e9cnicos de edificios (ITE).","og_url":"https:\/\/gudayterreros.com\/es\/project\/rehabilitacion-de-fachada-en-el-barrio-de-gracia\/","og_site_name":"Guday Terreros","article_modified_time":"2021-12-21T08:24:21+00:00","og_image":[{"width":470,"height":470,"url":"https:\/\/gudayterreros.com\/wp-content\/uploads\/2021\/12\/rehabilitacion-fachada-gracia-barcelona-1-LR-470x470-1.jpg","type":"image\/jpeg"}],"twitter_card":"summary_large_image","schema":{"@context":"https:\/\/schema.org","@graph":[{"@type":"WebPage","@id":"https:\/\/gudayterreros.com\/es\/project\/rehabilitacion-de-fachada-en-el-barrio-de-gracia\/","url":"https:\/\/gudayterreros.com\/es\/project\/rehabilitacion-de-fachada-en-el-barrio-de-gracia\/","name":"Rehabilitaci\u00f3n de fachada principal I Guday Terreros Arquitecturan","isPartOf":{"@id":"https:\/\/gudayterreros.com\/es\/#website"},"datePublished":"2019-06-14T12:37:22+00:00","dateModified":"2021-12-21T08:24:21+00:00","description":"En Guday Terreros desarrollamos proyectos de rehabilitaci\u00f3n de fachadas y cubiertas de edificios, y hacemos informes t\u00e9cnicos de edificios (ITE).","breadcrumb":{"@id":"https:\/\/gudayterreros.com\/es\/project\/rehabilitacion-de-fachada-en-el-barrio-de-gracia\/#breadcrumb"},"inLanguage":"es","potentialAction":[{"@type":"ReadAction","target":["https:\/\/gudayterreros.com\/es\/project\/rehabilitacion-de-fachada-en-el-barrio-de-gracia\/"]}]},{"@type":"BreadcrumbList","@id":"https:\/\/gudayterreros.com\/es\/project\/rehabilitacion-de-fachada-en-el-barrio-de-gracia\/#breadcrumb","itemListElement":[{"@type":"ListItem","position":1,"name":"Portada","item":"https:\/\/gudayterreros.com\/es\/"},{"@type":"ListItem","position":2,"name":"Proyectos","item":"https:\/\/gudayterreros.com\/es\/project\/"},{"@type":"ListItem","position":3,"name":"Rehabilitaci\u00f3n de Fachada en el barrio de Gracia"}]},{"@type":"WebSite","@id":"https:\/\/gudayterreros.com\/es\/#website","url":"https:\/\/gudayterreros.com\/es\/","name":"Guday Terreros","description":"Despacho Arquitectura","potentialAction":[{"@type":"SearchAction","target":{"@type":"EntryPoint","urlTemplate":"https:\/\/gudayterreros.com\/es\/?s={search_term_string}"},"query-input":"required name=search_term_string"}],"inLanguage":"es"}]}},"_links":{"self":[{"href":"https:\/\/gudayterreros.com\/es\/wp-json\/wp\/v2\/project\/3862"}],"collection":[{"href":"https:\/\/gudayterreros.com\/es\/wp-json\/wp\/v2\/project"}],"about":[{"href":"https:\/\/gudayterreros.com\/es\/wp-json\/wp\/v2\/types\/project"}],"author":[{"embeddable":true,"href":"https:\/\/gudayterreros.com\/es\/wp-json\/wp\/v2\/users\/3"}],"replies":[{"embeddable":true,"href":"https:\/\/gudayterreros.com\/es\/wp-json\/wp\/v2\/comments?post=3862"}],"version-history":[{"count":3,"href":"https:\/\/gudayterreros.com\/es\/wp-json\/wp\/v2\/project\/3862\/revisions"}],"predecessor-version":[{"id":4251,"href":"https:\/\/gudayterreros.com\/es\/wp-json\/wp\/v2\/project\/3862\/revisions\/4251"}],"wp:featuredmedia":[{"embeddable":true,"href":"https:\/\/gudayterreros.com\/es\/wp-json\/wp\/v2\/media\/3268"}],"wp:attachment":[{"href":"https:\/\/gudayterreros.com\/es\/wp-json\/wp\/v2\/media?parent=3862"}],"wp:term":[{"taxonomy":"project_category","embeddable":true,"href":"https:\/\/gudayterreros.com\/es\/wp-json\/wp\/v2\/project_category?post=3862"},{"taxonomy":"project_tag","embeddable":true,"href":"https:\/\/gudayterreros.com\/es\/wp-json\/wp\/v2\/project_tag?post=3862"}],"curies":[{"name":"wp","href":"https:\/\/api.w.org\/{rel}","templated":true}]}}

Rehabilitación de Fachada en el barrio de Gracia

<p>Rehabilitación de la fachada principal de un Edificio en el barrio de Gràcia de Barcelona</p>
<p>Ubicación: Barrio de Gracia, Ciudad de Barcelona.</p>
<p>Año de la Rehabilitación: 2016</p>
<p>Rehabilitación de la Fachada, integral, con derribo de baldosas de balcones incluido, y reconstrucción de las mismas.</p>

<p>Rehabilitación de la fachada principal de un Edificio en el barrio de Gràcia de Barcelona Ubicación: Barrio de Gracia, Ciudad de Barcelona. Año de la Rehabilitación: 2016 Rehabilitación de la Fachada, integral, con derribo de baldosas de balcones incluido, y reconstrucción de las mismas.</p>

<!-- This site is optimized with the Yoast SEO plugin v19.10 - https://yoast.com/wordpress/plugins/seo/ -->
<title>Rehabilitación de fachada principal I Guday Terreros Arquitecturan</title>
<meta name="description" content="En Guday Terreros desarrollamos proyectos de rehabilitación de fachadas y cubiertas de edificios, y hacemos informes técnicos de edificios (ITE)." />
<meta name="robots" content="index, follow, max-snippet:-1, max-image-preview:large, max-video-preview:-1" />
<link rel="canonical" href="https://gudayterreros.com/es/project/rehabilitacion-de-fachada-en-el-barrio-de-gracia/" />
<meta property="og:locale" content="es_ES" />
<meta property="og:type" content="article" />
<meta property="og:title" content="Rehabilitación de fachada principal I Guday Terreros Arquitecturan" />
<meta property="og:description" content="En Guday Terreros desarrollamos proyectos de rehabilitación de fachadas y cubiertas de edificios, y hacemos informes técnicos de edificios (ITE)." />
<meta property="og:url" content="https://gudayterreros.com/es/project/rehabilitacion-de-fachada-en-el-barrio-de-gracia/" />
<meta property="og:site_name" content="Guday Terreros" />
<meta property="article:modified_time" content="2021-12-21T08:24:21+00:00" />
<meta property="og:image" content="https://gudayterreros.com/wp-content/uploads/2021/12/rehabilitacion-fachada-gracia-barcelona-1-LR-470x470-1.jpg" />
	<meta property="og:image:width" content="470" />
	<meta property="og:image:height" content="470" />
	<meta property="og:image:type" content="image/jpeg" />
<meta name="twitter:card" content="summary_large_image" />
<script type="application/ld+json" class="yoast-schema-graph">{"@context":"https://schema.org","@graph":[{"@type":"WebPage","@id":"https://gudayterreros.com/es/project/rehabilitacion-de-fachada-en-el-barrio-de-gracia/","url":"https://gudayterreros.com/es/project/rehabilitacion-de-fachada-en-el-barrio-de-gracia/","name":"Rehabilitación de fachada principal I Guday Terreros Arquitecturan","isPartOf":{"@id":"https://gudayterreros.com/es/#website"},"datePublished":"2019-06-14T12:37:22+00:00","dateModified":"2021-12-21T08:24:21+00:00","description":"En Guday Terreros desarrollamos proyectos de rehabilitación de fachadas y cubiertas de edificios, y hacemos informes técnicos de edificios (ITE).","breadcrumb":{"@id":"https://gudayterreros.com/es/project/rehabilitacion-de-fachada-en-el-barrio-de-gracia/#breadcrumb"},"inLanguage":"es","potentialAction":[{"@type":"ReadAction","target":["https://gudayterreros.com/es/project/rehabilitacion-de-fachada-en-el-barrio-de-gracia/"]}]},{"@type":"BreadcrumbList","@id":"https://gudayterreros.com/es/project/rehabilitacion-de-fachada-en-el-barrio-de-gracia/#breadcrumb","itemListElement":[{"@type":"ListItem","position":1,"name":"Portada","item":"https://gudayterreros.com/es/"},{"@type":"ListItem","position":2,"name":"Proyectos","item":"https://gudayterreros.com/es/project/"},{"@type":"ListItem","position":3,"name":"Rehabilitación de Fachada en el barrio de Gracia"}]},{"@type":"WebSite","@id":"https://gudayterreros.com/es/#website","url":"https://gudayterreros.com/es/","name":"Guday Terreros","description":"Despacho Arquitectura","potentialAction":[{"@type":"SearchAction","target":{"@type":"EntryPoint","urlTemplate":"https://gudayterreros.com/es/?s={search_term_string}"},"query-input":"required name=search_term_string"}],"inLanguage":"es"}]}</script>
<!-- / Yoast SEO plugin. -->

Rehabilitación de fachada principal I Guday Terreros Arquitecturan

En Guday Terreros desarrollamos proyectos de rehabilitación de fachadas y cubiertas de edificios, y hacemos informes técnicos de edificios (ITE).
