{"id":3838,"date":"2012-06-16T11:09:31","date_gmt":"2012-06-16T11:09:31","guid":{"rendered":"https:\/\/gudayterreros.com\/project\/concurso-para-equipamientos-de-viviendas-tuteladas-en-palma-de-mallorca\/"},"modified":"2021-12-22T11:24:24","modified_gmt":"2021-12-22T11:24:24","slug":"concurso-para-equipamientos-de-viviendas-tuteladas-en-palma-de-mallorca","status":"publish","type":"project","link":"https:\/\/gudayterreros.com\/es\/project\/concurso-para-equipamientos-de-viviendas-tuteladas-en-palma-de-mallorca\/","title":{"rendered":"Concurso para Equipamientos de viviendas tuteladas en Palma de Mallorca"},"content":{"rendered":"<p>Viviendas tuteladas en el centro de Palma de Mallorca<\/p>\n<p>El barrio de \u201cSa Gerreria\u201d y el solar del proyecto, han sido desde su origen un \u201cl\u00edmite\u201d respecto el centro del casco antiguo y tambi\u00e9n respecto el ensanche, justo al otro lado de la Avenida Alomar. El edificio reconstruye este l\u00edmite contempor\u00e1neo de la ciudad.<\/p>\n<p>Estas son unas caracter\u00edsticas que se recogen para disponer parte del programa entre el mondo m\u00e1s denso y propio del casco antiguo y el mondo m\u00e1s di\u00e1fano y amplio de la avenida Alomar.<\/p>\n<p>El edificio recupera y adapta a un programa contempor\u00e1neo el referente del porche: hist\u00f3ricamente en el barrio, prevalentemente de artesanos, se habitaba la calle, se estaba a cubierto pero de manera expuesta.<\/p>\n<p>La volumetr\u00eda de edificio viene condicionada por la altura m\u00e1xima reguladora, que solo permite una elevaci\u00f3n del per\u00edmetro hasta agotarla. A partir de aqu\u00ed la re-interpretaci\u00f3n de elementos tradicionales como la tribuna, el z\u00f3calo que forma la planta baja y su espesor, el grosor del muro como lugar ( imagen de casco antiguo) y la cubierta habitable permiten aproximarse a un punto de originalidad.<\/p>\n<p>Ante el programa del edificio se toma el partido de separar los usos m\u00e1s p\u00fablicos de los privados y su distribuci\u00f3n por plantas. En planta s\u00f3tano se disponen las partes comunitarias deportivas, en planta baja las comunitarias de interacci\u00f3n y ocio m\u00e1s abiertas y en relaci\u00f3n con la ciudad antigua.<br \/>\nEn las plantas piso, los pisos adaptados se disponen intercalados, tres para mayores y dos para j\u00f3venes por cada planta. En todas se disponen \u00e1reas comunes, junto a las galer\u00edas practicables y abiertas al patio de isla, donde puedan encontrarse y estar los j\u00f3venes y los mayores. \u00c9sta \u00e1rea, en la planta tercera pasa a ser la lavander\u00eda comunitaria y el espacio de secado de invierno.<\/p>\n<p>La planta cubierta es un terrado donde se ubican los tendederos, un \u00e1rea de huertos comunitarios e instalaciones.<\/p>\n<p>PROGRAMA<br \/>\nConcurso para edificio asistencial con equipamiento para viviendas y centro intergeneracional<br \/>\nUBICACI\u00d3N<br \/>\nPlama de Mallorca<br \/>\nPROMOTORES<br \/>\n<a href=\"http:\/\/www.patronathabitatge.es\/\">Patronat de l\u2019habitatge de Palma de Mallorca<\/a><br \/>\nAUTORES<br \/>\nOlga Guday, Rodrigo Gonz\u00e1lez, Cristiano Franconi, Sergi Ros<br \/>\nESTRUCTURAS<br \/>\n\u00c1rea 5<br \/>\nCONCURSO<br \/>\n2009<br \/>\nSUPERF\u00cdCIE SOLAR<br \/>\n303,70 m\u00b2<br \/>\nSUPERF\u00cdCIE CONSTRUIDA<br \/>\n1.214,8 m\u00b2<br \/>\nPRESUPUESTO<br \/>\n1.152.272 \u20ac<\/p>\n","protected":false},"excerpt":{"rendered":"<p>Viviendas tuteladas en el centro de Palma de Mallorca El barrio de \u201cSa Gerreria\u201d y el solar del proyecto, han sido desde su origen un \u201cl\u00edmite\u201d respecto el centro del casco antiguo y tambi\u00e9n respecto el ensanche, justo al otro lado de la Avenida Alomar. El edificio reconstruye este l\u00edmite contempor\u00e1neo de la ciudad. Estas [&hellip;]<\/p>\n","protected":false},"author":1,"featured_media":3454,"comment_status":"closed","ping_status":"closed","template":"","meta":{"_et_pb_use_builder":"","_et_pb_old_content":"","_et_gb_content_width":""},"project_category":[90],"project_tag":[],"acf":[],"yoast_head":"<!-- This site is optimized with the Yoast SEO plugin v19.10 - https:\/\/yoast.com\/wordpress\/plugins\/seo\/ -->\n<title>Proyecto de Cohousing I Guday Terreros Arquitectura<\/title>\n<meta name=\"description\" content=\"En Guday Terreros desarrollamos proyectos de Cohousing, viviendas tuteladas, residencias geri\u00e1tricas, desde el proyecto hasta la gesti\u00f3n de la obra. Entra!\" \/>\n<meta name=\"robots\" content=\"index, follow, max-snippet:-1, max-image-preview:large, max-video-preview:-1\" \/>\n<link rel=\"canonical\" href=\"https:\/\/gudayterreros.com\/es\/project\/concurso-para-equipamientos-de-viviendas-tuteladas-en-palma-de-mallorca\/\" \/>\n<meta property=\"og:locale\" content=\"es_ES\" \/>\n<meta property=\"og:type\" content=\"article\" \/>\n<meta property=\"og:title\" content=\"Proyecto de Cohousing I Guday Terreros Arquitectura\" \/>\n<meta property=\"og:description\" content=\"En Guday Terreros desarrollamos proyectos de Cohousing, viviendas tuteladas, residencias geri\u00e1tricas, desde el proyecto hasta la gesti\u00f3n de la obra. Entra!\" \/>\n<meta property=\"og:url\" content=\"https:\/\/gudayterreros.com\/es\/project\/concurso-para-equipamientos-de-viviendas-tuteladas-en-palma-de-mallorca\/\" \/>\n<meta property=\"og:site_name\" content=\"Guday Terreros\" \/>\n<meta property=\"article:modified_time\" content=\"2021-12-22T11:24:24+00:00\" \/>\n<meta property=\"og:image\" content=\"https:\/\/gudayterreros.com\/wp-content\/uploads\/2021\/12\/projecte-palma-mallorca-guday-terreros-2-1-1.jpg\" \/>\n\t<meta property=\"og:image:width\" content=\"794\" \/>\n\t<meta property=\"og:image:height\" content=\"460\" \/>\n\t<meta property=\"og:image:type\" content=\"image\/jpeg\" \/>\n<meta name=\"twitter:card\" content=\"summary_large_image\" \/>\n<meta name=\"twitter:label1\" content=\"Tiempo de lectura\" \/>\n\t<meta name=\"twitter:data1\" content=\"2 minutos\" \/>\n<script type=\"application\/ld+json\" class=\"yoast-schema-graph\">{\"@context\":\"https:\/\/schema.org\",\"@graph\":[{\"@type\":\"WebPage\",\"@id\":\"https:\/\/gudayterreros.com\/es\/project\/concurso-para-equipamientos-de-viviendas-tuteladas-en-palma-de-mallorca\/\",\"url\":\"https:\/\/gudayterreros.com\/es\/project\/concurso-para-equipamientos-de-viviendas-tuteladas-en-palma-de-mallorca\/\",\"name\":\"Proyecto de Cohousing I Guday Terreros Arquitectura\",\"isPartOf\":{\"@id\":\"https:\/\/gudayterreros.com\/es\/#website\"},\"datePublished\":\"2012-06-16T11:09:31+00:00\",\"dateModified\":\"2021-12-22T11:24:24+00:00\",\"description\":\"En Guday Terreros desarrollamos proyectos de Cohousing, viviendas tuteladas, residencias geri\u00e1tricas, desde el proyecto hasta la gesti\u00f3n de la obra. Entra!\",\"breadcrumb\":{\"@id\":\"https:\/\/gudayterreros.com\/es\/project\/concurso-para-equipamientos-de-viviendas-tuteladas-en-palma-de-mallorca\/#breadcrumb\"},\"inLanguage\":\"es\",\"potentialAction\":[{\"@type\":\"ReadAction\",\"target\":[\"https:\/\/gudayterreros.com\/es\/project\/concurso-para-equipamientos-de-viviendas-tuteladas-en-palma-de-mallorca\/\"]}]},{\"@type\":\"BreadcrumbList\",\"@id\":\"https:\/\/gudayterreros.com\/es\/project\/concurso-para-equipamientos-de-viviendas-tuteladas-en-palma-de-mallorca\/#breadcrumb\",\"itemListElement\":[{\"@type\":\"ListItem\",\"position\":1,\"name\":\"Portada\",\"item\":\"https:\/\/gudayterreros.com\/es\/\"},{\"@type\":\"ListItem\",\"position\":2,\"name\":\"Proyectos\",\"item\":\"https:\/\/gudayterreros.com\/es\/project\/\"},{\"@type\":\"ListItem\",\"position\":3,\"name\":\"Concurso para Equipamientos de viviendas tuteladas en Palma de Mallorca\"}]},{\"@type\":\"WebSite\",\"@id\":\"https:\/\/gudayterreros.com\/es\/#website\",\"url\":\"https:\/\/gudayterreros.com\/es\/\",\"name\":\"Guday Terreros\",\"description\":\"Despacho Arquitectura\",\"potentialAction\":[{\"@type\":\"SearchAction\",\"target\":{\"@type\":\"EntryPoint\",\"urlTemplate\":\"https:\/\/gudayterreros.com\/es\/?s={search_term_string}\"},\"query-input\":\"required name=search_term_string\"}],\"inLanguage\":\"es\"}]}<\/script>\n<!-- \/ Yoast SEO plugin. -->","yoast_head_json":{"title":"Proyecto de Cohousing I Guday Terreros Arquitectura","description":"En Guday Terreros desarrollamos proyectos de Cohousing, viviendas tuteladas, residencias geri\u00e1tricas, desde el proyecto hasta la gesti\u00f3n de la obra. Entra!","robots":{"index":"index","follow":"follow","max-snippet":"max-snippet:-1","max-image-preview":"max-image-preview:large","max-video-preview":"max-video-preview:-1"},"canonical":"https:\/\/gudayterreros.com\/es\/project\/concurso-para-equipamientos-de-viviendas-tuteladas-en-palma-de-mallorca\/","og_locale":"es_ES","og_type":"article","og_title":"Proyecto de Cohousing I Guday Terreros Arquitectura","og_description":"En Guday Terreros desarrollamos proyectos de Cohousing, viviendas tuteladas, residencias geri\u00e1tricas, desde el proyecto hasta la gesti\u00f3n de la obra. Entra!","og_url":"https:\/\/gudayterreros.com\/es\/project\/concurso-para-equipamientos-de-viviendas-tuteladas-en-palma-de-mallorca\/","og_site_name":"Guday Terreros","article_modified_time":"2021-12-22T11:24:24+00:00","og_image":[{"width":794,"height":460,"url":"https:\/\/gudayterreros.com\/wp-content\/uploads\/2021\/12\/projecte-palma-mallorca-guday-terreros-2-1-1.jpg","type":"image\/jpeg"}],"twitter_card":"summary_large_image","twitter_misc":{"Tiempo de lectura":"2 minutos"},"schema":{"@context":"https:\/\/schema.org","@graph":[{"@type":"WebPage","@id":"https:\/\/gudayterreros.com\/es\/project\/concurso-para-equipamientos-de-viviendas-tuteladas-en-palma-de-mallorca\/","url":"https:\/\/gudayterreros.com\/es\/project\/concurso-para-equipamientos-de-viviendas-tuteladas-en-palma-de-mallorca\/","name":"Proyecto de Cohousing I Guday Terreros Arquitectura","isPartOf":{"@id":"https:\/\/gudayterreros.com\/es\/#website"},"datePublished":"2012-06-16T11:09:31+00:00","dateModified":"2021-12-22T11:24:24+00:00","description":"En Guday Terreros desarrollamos proyectos de Cohousing, viviendas tuteladas, residencias geri\u00e1tricas, desde el proyecto hasta la gesti\u00f3n de la obra. Entra!","breadcrumb":{"@id":"https:\/\/gudayterreros.com\/es\/project\/concurso-para-equipamientos-de-viviendas-tuteladas-en-palma-de-mallorca\/#breadcrumb"},"inLanguage":"es","potentialAction":[{"@type":"ReadAction","target":["https:\/\/gudayterreros.com\/es\/project\/concurso-para-equipamientos-de-viviendas-tuteladas-en-palma-de-mallorca\/"]}]},{"@type":"BreadcrumbList","@id":"https:\/\/gudayterreros.com\/es\/project\/concurso-para-equipamientos-de-viviendas-tuteladas-en-palma-de-mallorca\/#breadcrumb","itemListElement":[{"@type":"ListItem","position":1,"name":"Portada","item":"https:\/\/gudayterreros.com\/es\/"},{"@type":"ListItem","position":2,"name":"Proyectos","item":"https:\/\/gudayterreros.com\/es\/project\/"},{"@type":"ListItem","position":3,"name":"Concurso para Equipamientos de viviendas tuteladas en Palma de Mallorca"}]},{"@type":"WebSite","@id":"https:\/\/gudayterreros.com\/es\/#website","url":"https:\/\/gudayterreros.com\/es\/","name":"Guday Terreros","description":"Despacho Arquitectura","potentialAction":[{"@type":"SearchAction","target":{"@type":"EntryPoint","urlTemplate":"https:\/\/gudayterreros.com\/es\/?s={search_term_string}"},"query-input":"required name=search_term_string"}],"inLanguage":"es"}]}},"_links":{"self":[{"href":"https:\/\/gudayterreros.com\/es\/wp-json\/wp\/v2\/project\/3838"}],"collection":[{"href":"https:\/\/gudayterreros.com\/es\/wp-json\/wp\/v2\/project"}],"about":[{"href":"https:\/\/gudayterreros.com\/es\/wp-json\/wp\/v2\/types\/project"}],"author":[{"embeddable":true,"href":"https:\/\/gudayterreros.com\/es\/wp-json\/wp\/v2\/users\/1"}],"replies":[{"embeddable":true,"href":"https:\/\/gudayterreros.com\/es\/wp-json\/wp\/v2\/comments?post=3838"}],"version-history":[{"count":2,"href":"https:\/\/gudayterreros.com\/es\/wp-json\/wp\/v2\/project\/3838\/revisions"}],"predecessor-version":[{"id":4262,"href":"https:\/\/gudayterreros.com\/es\/wp-json\/wp\/v2\/project\/3838\/revisions\/4262"}],"wp:featuredmedia":[{"embeddable":true,"href":"https:\/\/gudayterreros.com\/es\/wp-json\/wp\/v2\/media\/3454"}],"wp:attachment":[{"href":"https:\/\/gudayterreros.com\/es\/wp-json\/wp\/v2\/media?parent=3838"}],"wp:term":[{"taxonomy":"project_category","embeddable":true,"href":"https:\/\/gudayterreros.com\/es\/wp-json\/wp\/v2\/project_category?post=3838"},{"taxonomy":"project_tag","embeddable":true,"href":"https:\/\/gudayterreros.com\/es\/wp-json\/wp\/v2\/project_tag?post=3838"}],"curies":[{"name":"wp","href":"https:\/\/api.w.org\/{rel}","templated":true}]}}

<p>Viviendas tuteladas en el centro de Palma de Mallorca</p>
<p>El barrio de “Sa Gerreria” y el solar del proyecto, han sido desde su origen un “límite” respecto el centro del casco antiguo y también respecto el ensanche, justo al otro lado de la Avenida Alomar. El edificio reconstruye este límite contemporáneo de la ciudad.</p>
<p>Estas son unas características que se recogen para disponer parte del programa entre el mondo más denso y propio del casco antiguo y el mondo más diáfano y amplio de la avenida Alomar.</p>
<p>El edificio recupera y adapta a un programa contemporáneo el referente del porche: históricamente en el barrio, prevalentemente de artesanos, se habitaba la calle, se estaba a cubierto pero de manera expuesta.</p>
<p>La volumetría de edificio viene condicionada por la altura máxima reguladora, que solo permite una elevación del perímetro hasta agotarla. A partir de aquí la re-interpretación de elementos tradicionales como la tribuna, el zócalo que forma la planta baja y su espesor, el grosor del muro como lugar ( imagen de casco antiguo) y la cubierta habitable permiten aproximarse a un punto de originalidad.</p>
<p>Ante el programa del edificio se toma el partido de separar los usos más públicos de los privados y su distribución por plantas. En planta sótano se disponen las partes comunitarias deportivas, en planta baja las comunitarias de interacción y ocio más abiertas y en relación con la ciudad antigua.<br />
En las plantas piso, los pisos adaptados se disponen intercalados, tres para mayores y dos para jóvenes por cada planta. En todas se disponen áreas comunes, junto a las galerías practicables y abiertas al patio de isla, donde puedan encontrarse y estar los jóvenes y los mayores. Ésta área, en la planta tercera pasa a ser la lavandería comunitaria y el espacio de secado de invierno.</p>
<p>La planta cubierta es un terrado donde se ubican los tendederos, un área de huertos comunitarios e instalaciones.</p>
<p>PROGRAMA<br />
Concurso para edificio asistencial con equipamiento para viviendas y centro intergeneracional<br />
UBICACIÓN<br />
Plama de Mallorca<br />
PROMOTORES<br />
<a href="http://www.patronathabitatge.es/">Patronat de l’habitatge de Palma de Mallorca</a><br />
AUTORES<br />
Olga Guday, Rodrigo González, Cristiano Franconi, Sergi Ros<br />
ESTRUCTURAS<br />
Área 5<br />
CONCURSO<br />
2009<br />
SUPERFÍCIE SOLAR<br />
303,70 m²<br />
SUPERFÍCIE CONSTRUIDA<br />
1.214,8 m²<br />
PRESUPUESTO<br />
1.152.272 €</p>

<p>Viviendas tuteladas en el centro de Palma de Mallorca El barrio de “Sa Gerreria” y el solar del proyecto, han sido desde su origen un “límite” respecto el centro del casco antiguo y también respecto el ensanche, justo al otro lado de la Avenida Alomar. El edificio reconstruye este límite contemporáneo de la ciudad. Estas [&hellip;]</p>

<!-- This site is optimized with the Yoast SEO plugin v19.10 - https://yoast.com/wordpress/plugins/seo/ -->
<title>Proyecto de Cohousing I Guday Terreros Arquitectura</title>
<meta name="description" content="En Guday Terreros desarrollamos proyectos de Cohousing, viviendas tuteladas, residencias geriátricas, desde el proyecto hasta la gestión de la obra. Entra!" />
<meta name="robots" content="index, follow, max-snippet:-1, max-image-preview:large, max-video-preview:-1" />
<link rel="canonical" href="https://gudayterreros.com/es/project/concurso-para-equipamientos-de-viviendas-tuteladas-en-palma-de-mallorca/" />
<meta property="og:locale" content="es_ES" />
<meta property="og:type" content="article" />
<meta property="og:title" content="Proyecto de Cohousing I Guday Terreros Arquitectura" />
<meta property="og:description" content="En Guday Terreros desarrollamos proyectos de Cohousing, viviendas tuteladas, residencias geriátricas, desde el proyecto hasta la gestión de la obra. Entra!" />
<meta property="og:url" content="https://gudayterreros.com/es/project/concurso-para-equipamientos-de-viviendas-tuteladas-en-palma-de-mallorca/" />
<meta property="og:site_name" content="Guday Terreros" />
<meta property="article:modified_time" content="2021-12-22T11:24:24+00:00" />
<meta property="og:image" content="https://gudayterreros.com/wp-content/uploads/2021/12/projecte-palma-mallorca-guday-terreros-2-1-1.jpg" />
	<meta property="og:image:width" content="794" />
	<meta property="og:image:height" content="460" />
	<meta property="og:image:type" content="image/jpeg" />
<meta name="twitter:card" content="summary_large_image" />
<meta name="twitter:label1" content="Tiempo de lectura" />
	<meta name="twitter:data1" content="2 minutos" />
<script type="application/ld+json" class="yoast-schema-graph">{"@context":"https://schema.org","@graph":[{"@type":"WebPage","@id":"https://gudayterreros.com/es/project/concurso-para-equipamientos-de-viviendas-tuteladas-en-palma-de-mallorca/","url":"https://gudayterreros.com/es/project/concurso-para-equipamientos-de-viviendas-tuteladas-en-palma-de-mallorca/","name":"Proyecto de Cohousing I Guday Terreros Arquitectura","isPartOf":{"@id":"https://gudayterreros.com/es/#website"},"datePublished":"2012-06-16T11:09:31+00:00","dateModified":"2021-12-22T11:24:24+00:00","description":"En Guday Terreros desarrollamos proyectos de Cohousing, viviendas tuteladas, residencias geriátricas, desde el proyecto hasta la gestión de la obra. Entra!","breadcrumb":{"@id":"https://gudayterreros.com/es/project/concurso-para-equipamientos-de-viviendas-tuteladas-en-palma-de-mallorca/#breadcrumb"},"inLanguage":"es","potentialAction":[{"@type":"ReadAction","target":["https://gudayterreros.com/es/project/concurso-para-equipamientos-de-viviendas-tuteladas-en-palma-de-mallorca/"]}]},{"@type":"BreadcrumbList","@id":"https://gudayterreros.com/es/project/concurso-para-equipamientos-de-viviendas-tuteladas-en-palma-de-mallorca/#breadcrumb","itemListElement":[{"@type":"ListItem","position":1,"name":"Portada","item":"https://gudayterreros.com/es/"},{"@type":"ListItem","position":2,"name":"Proyectos","item":"https://gudayterreros.com/es/project/"},{"@type":"ListItem","position":3,"name":"Concurso para Equipamientos de viviendas tuteladas en Palma de Mallorca"}]},{"@type":"WebSite","@id":"https://gudayterreros.com/es/#website","url":"https://gudayterreros.com/es/","name":"Guday Terreros","description":"Despacho Arquitectura","potentialAction":[{"@type":"SearchAction","target":{"@type":"EntryPoint","urlTemplate":"https://gudayterreros.com/es/?s={search_term_string}"},"query-input":"required name=search_term_string"}],"inLanguage":"es"}]}</script>
<!-- / Yoast SEO plugin. -->

En Guday Terreros desarrollamos proyectos de Cohousing, viviendas tuteladas, residencias geriátricas, desde el proyecto hasta la gestión de la obra. Entra!
