{"id":3820,"date":"2019-10-16T11:34:33","date_gmt":"2019-10-16T11:34:33","guid":{"rendered":"https:\/\/gudayterreros.com\/project\/casa-en-la-montana-del-tibidabo\/"},"modified":"2025-03-21T14:13:59","modified_gmt":"2025-03-21T14:13:59","slug":"casa-tibidabo","status":"publish","type":"project","link":"https:\/\/gudayterreros.com\/es\/project\/casa-tibidabo\/","title":{"rendered":"Casa en el Tibidabo"},"content":{"rendered":"<div class=\"tlid-input input\">\n<div class=\"source-wrap\">\n<div class=\"input-full-height-wrapper tlid-input-full-height-wrapper\">\n<div class=\"source-input\">\n<div class=\"source-header\">\n<div class=\"go-wrap\">En enero de 2016, comenzaron las obras de renovaci\u00f3n interior de esta casa familiar, situada en la monta\u00f1a del Tibidabo, en Barcelona.<\/div>\n<\/div>\n<\/div>\n<\/div>\n<\/div>\n<\/div>\n<div class=\"tlid-results-container results-container\">\n<div class=\"tlid-result result-dict-wrapper\">\n<div class=\"result tlid-copy-target\">\n<div class=\"text-wrap tlid-copy-target\">\n<div class=\"result-shield-container tlid-copy-target\"><span class=\"tlid-translation translation\" tabindex=\"-1\"><br \/>\n<span class=\"\" title=\"\">En mayo, el trabajo se termin\u00f3.<\/span><\/span><\/div>\n<\/div>\n<\/div>\n<\/div>\n<\/div>\n","protected":false},"excerpt":{"rendered":"<p>En enero de 2016, comenzaron las obras de renovaci\u00f3n interior de esta casa familiar, situada en la monta\u00f1a del Tibidabo, en Barcelona. En mayo, el trabajo se termin\u00f3.<\/p>\n","protected":false},"author":3,"featured_media":3206,"comment_status":"closed","ping_status":"closed","template":"","meta":{"_et_pb_use_builder":"","_et_pb_old_content":"","_et_gb_content_width":""},"project_category":[90],"project_tag":[],"acf":[],"yoast_head":"<!-- This site is optimized with the Yoast SEO plugin v19.10 - https:\/\/yoast.com\/wordpress\/plugins\/seo\/ -->\n<title>Direcci\u00f3n de obra y project management de viviendas | Guday Terreros<\/title>\n<meta name=\"description\" content=\"Reforma de Casa bajo el Tibidabo, en Barcelona, \u200b\u200bcon proyecto y direcci\u00f3n de obra por Guday Terreros Arquitectura. \u00a1La casa tiene unas vistas al mar extraordinarias!\" \/>\n<meta name=\"robots\" content=\"index, follow, max-snippet:-1, max-image-preview:large, max-video-preview:-1\" \/>\n<link rel=\"canonical\" href=\"https:\/\/gudayterreros.com\/es\/project\/casa-tibidabo\/\" \/>\n<meta property=\"og:locale\" content=\"es_ES\" \/>\n<meta property=\"og:type\" content=\"article\" \/>\n<meta property=\"og:title\" content=\"Direcci\u00f3n de obra y project management de viviendas | Guday Terreros\" \/>\n<meta property=\"og:description\" content=\"Reforma de Casa bajo el Tibidabo, en Barcelona, \u200b\u200bcon proyecto y direcci\u00f3n de obra por Guday Terreros Arquitectura. \u00a1La casa tiene unas vistas al mar extraordinarias!\" \/>\n<meta property=\"og:url\" content=\"https:\/\/gudayterreros.com\/es\/project\/casa-tibidabo\/\" \/>\n<meta property=\"og:site_name\" content=\"Guday Terreros\" \/>\n<meta property=\"article:modified_time\" content=\"2025-03-21T14:13:59+00:00\" \/>\n<meta property=\"og:image\" content=\"https:\/\/gudayterreros.com\/wp-content\/uploads\/2021\/12\/guday-terreros-arq-16-470x470-1.jpg\" \/>\n\t<meta property=\"og:image:width\" content=\"470\" \/>\n\t<meta property=\"og:image:height\" content=\"470\" \/>\n\t<meta property=\"og:image:type\" content=\"image\/jpeg\" \/>\n<meta name=\"twitter:card\" content=\"summary_large_image\" \/>\n<script type=\"application\/ld+json\" class=\"yoast-schema-graph\">{\"@context\":\"https:\/\/schema.org\",\"@graph\":[{\"@type\":\"WebPage\",\"@id\":\"https:\/\/gudayterreros.com\/es\/project\/casa-tibidabo\/\",\"url\":\"https:\/\/gudayterreros.com\/es\/project\/casa-tibidabo\/\",\"name\":\"Direcci\u00f3n de obra y project management de viviendas | Guday Terreros\",\"isPartOf\":{\"@id\":\"https:\/\/gudayterreros.com\/es\/#website\"},\"datePublished\":\"2019-10-16T11:34:33+00:00\",\"dateModified\":\"2025-03-21T14:13:59+00:00\",\"description\":\"Reforma de Casa bajo el Tibidabo, en Barcelona, \u200b\u200bcon proyecto y direcci\u00f3n de obra por Guday Terreros Arquitectura. \u00a1La casa tiene unas vistas al mar extraordinarias!\",\"breadcrumb\":{\"@id\":\"https:\/\/gudayterreros.com\/es\/project\/casa-tibidabo\/#breadcrumb\"},\"inLanguage\":\"es\",\"potentialAction\":[{\"@type\":\"ReadAction\",\"target\":[\"https:\/\/gudayterreros.com\/es\/project\/casa-tibidabo\/\"]}]},{\"@type\":\"BreadcrumbList\",\"@id\":\"https:\/\/gudayterreros.com\/es\/project\/casa-tibidabo\/#breadcrumb\",\"itemListElement\":[{\"@type\":\"ListItem\",\"position\":1,\"name\":\"Portada\",\"item\":\"https:\/\/gudayterreros.com\/es\/\"},{\"@type\":\"ListItem\",\"position\":2,\"name\":\"Proyectos\",\"item\":\"https:\/\/gudayterreros.com\/es\/project\/\"},{\"@type\":\"ListItem\",\"position\":3,\"name\":\"Casa en el Tibidabo\"}]},{\"@type\":\"WebSite\",\"@id\":\"https:\/\/gudayterreros.com\/es\/#website\",\"url\":\"https:\/\/gudayterreros.com\/es\/\",\"name\":\"Guday Terreros\",\"description\":\"Despacho Arquitectura\",\"potentialAction\":[{\"@type\":\"SearchAction\",\"target\":{\"@type\":\"EntryPoint\",\"urlTemplate\":\"https:\/\/gudayterreros.com\/es\/?s={search_term_string}\"},\"query-input\":\"required name=search_term_string\"}],\"inLanguage\":\"es\"}]}<\/script>\n<!-- \/ Yoast SEO plugin. -->","yoast_head_json":{"title":"Direcci\u00f3n de obra y project management de viviendas | Guday Terreros","description":"Reforma de Casa bajo el Tibidabo, en Barcelona, \u200b\u200bcon proyecto y direcci\u00f3n de obra por Guday Terreros Arquitectura. \u00a1La casa tiene unas vistas al mar extraordinarias!","robots":{"index":"index","follow":"follow","max-snippet":"max-snippet:-1","max-image-preview":"max-image-preview:large","max-video-preview":"max-video-preview:-1"},"canonical":"https:\/\/gudayterreros.com\/es\/project\/casa-tibidabo\/","og_locale":"es_ES","og_type":"article","og_title":"Direcci\u00f3n de obra y project management de viviendas | Guday Terreros","og_description":"Reforma de Casa bajo el Tibidabo, en Barcelona, \u200b\u200bcon proyecto y direcci\u00f3n de obra por Guday Terreros Arquitectura. \u00a1La casa tiene unas vistas al mar extraordinarias!","og_url":"https:\/\/gudayterreros.com\/es\/project\/casa-tibidabo\/","og_site_name":"Guday Terreros","article_modified_time":"2025-03-21T14:13:59+00:00","og_image":[{"width":470,"height":470,"url":"https:\/\/gudayterreros.com\/wp-content\/uploads\/2021\/12\/guday-terreros-arq-16-470x470-1.jpg","type":"image\/jpeg"}],"twitter_card":"summary_large_image","schema":{"@context":"https:\/\/schema.org","@graph":[{"@type":"WebPage","@id":"https:\/\/gudayterreros.com\/es\/project\/casa-tibidabo\/","url":"https:\/\/gudayterreros.com\/es\/project\/casa-tibidabo\/","name":"Direcci\u00f3n de obra y project management de viviendas | Guday Terreros","isPartOf":{"@id":"https:\/\/gudayterreros.com\/es\/#website"},"datePublished":"2019-10-16T11:34:33+00:00","dateModified":"2025-03-21T14:13:59+00:00","description":"Reforma de Casa bajo el Tibidabo, en Barcelona, \u200b\u200bcon proyecto y direcci\u00f3n de obra por Guday Terreros Arquitectura. \u00a1La casa tiene unas vistas al mar extraordinarias!","breadcrumb":{"@id":"https:\/\/gudayterreros.com\/es\/project\/casa-tibidabo\/#breadcrumb"},"inLanguage":"es","potentialAction":[{"@type":"ReadAction","target":["https:\/\/gudayterreros.com\/es\/project\/casa-tibidabo\/"]}]},{"@type":"BreadcrumbList","@id":"https:\/\/gudayterreros.com\/es\/project\/casa-tibidabo\/#breadcrumb","itemListElement":[{"@type":"ListItem","position":1,"name":"Portada","item":"https:\/\/gudayterreros.com\/es\/"},{"@type":"ListItem","position":2,"name":"Proyectos","item":"https:\/\/gudayterreros.com\/es\/project\/"},{"@type":"ListItem","position":3,"name":"Casa en el Tibidabo"}]},{"@type":"WebSite","@id":"https:\/\/gudayterreros.com\/es\/#website","url":"https:\/\/gudayterreros.com\/es\/","name":"Guday Terreros","description":"Despacho Arquitectura","potentialAction":[{"@type":"SearchAction","target":{"@type":"EntryPoint","urlTemplate":"https:\/\/gudayterreros.com\/es\/?s={search_term_string}"},"query-input":"required name=search_term_string"}],"inLanguage":"es"}]}},"_links":{"self":[{"href":"https:\/\/gudayterreros.com\/es\/wp-json\/wp\/v2\/project\/3820"}],"collection":[{"href":"https:\/\/gudayterreros.com\/es\/wp-json\/wp\/v2\/project"}],"about":[{"href":"https:\/\/gudayterreros.com\/es\/wp-json\/wp\/v2\/types\/project"}],"author":[{"embeddable":true,"href":"https:\/\/gudayterreros.com\/es\/wp-json\/wp\/v2\/users\/3"}],"replies":[{"embeddable":true,"href":"https:\/\/gudayterreros.com\/es\/wp-json\/wp\/v2\/comments?post=3820"}],"version-history":[{"count":3,"href":"https:\/\/gudayterreros.com\/es\/wp-json\/wp\/v2\/project\/3820\/revisions"}],"predecessor-version":[{"id":5011,"href":"https:\/\/gudayterreros.com\/es\/wp-json\/wp\/v2\/project\/3820\/revisions\/5011"}],"wp:featuredmedia":[{"embeddable":true,"href":"https:\/\/gudayterreros.com\/es\/wp-json\/wp\/v2\/media\/3206"}],"wp:attachment":[{"href":"https:\/\/gudayterreros.com\/es\/wp-json\/wp\/v2\/media?parent=3820"}],"wp:term":[{"taxonomy":"project_category","embeddable":true,"href":"https:\/\/gudayterreros.com\/es\/wp-json\/wp\/v2\/project_category?post=3820"},{"taxonomy":"project_tag","embeddable":true,"href":"https:\/\/gudayterreros.com\/es\/wp-json\/wp\/v2\/project_tag?post=3820"}],"curies":[{"name":"wp","href":"https:\/\/api.w.org\/{rel}","templated":true}]}}

<div class="tlid-input input">
<div class="source-wrap">
<div class="input-full-height-wrapper tlid-input-full-height-wrapper">
<div class="source-input">
<div class="source-header">
<div class="go-wrap">En enero de 2016, comenzaron las obras de renovación interior de esta casa familiar, situada en la montaña del Tibidabo, en Barcelona.</div>
</div>
</div>
</div>
</div>
</div>
<div class="tlid-results-container results-container">
<div class="tlid-result result-dict-wrapper">
<div class="result tlid-copy-target">
<div class="text-wrap tlid-copy-target">
<div class="result-shield-container tlid-copy-target"><span class="tlid-translation translation" tabindex="-1"><br />
<span class="" title="">En mayo, el trabajo se terminó.</span></span></div>
</div>
</div>
</div>
</div>

<p>En enero de 2016, comenzaron las obras de renovación interior de esta casa familiar, situada en la montaña del Tibidabo, en Barcelona. En mayo, el trabajo se terminó.</p>

<!-- This site is optimized with the Yoast SEO plugin v19.10 - https://yoast.com/wordpress/plugins/seo/ -->
<title>Dirección de obra y project management de viviendas | Guday Terreros</title>
<meta name="description" content="Reforma de Casa bajo el Tibidabo, en Barcelona, ​​con proyecto y dirección de obra por Guday Terreros Arquitectura. ¡La casa tiene unas vistas al mar extraordinarias!" />
<meta name="robots" content="index, follow, max-snippet:-1, max-image-preview:large, max-video-preview:-1" />
<link rel="canonical" href="https://gudayterreros.com/es/project/casa-tibidabo/" />
<meta property="og:locale" content="es_ES" />
<meta property="og:type" content="article" />
<meta property="og:title" content="Dirección de obra y project management de viviendas | Guday Terreros" />
<meta property="og:description" content="Reforma de Casa bajo el Tibidabo, en Barcelona, ​​con proyecto y dirección de obra por Guday Terreros Arquitectura. ¡La casa tiene unas vistas al mar extraordinarias!" />
<meta property="og:url" content="https://gudayterreros.com/es/project/casa-tibidabo/" />
<meta property="og:site_name" content="Guday Terreros" />
<meta property="article:modified_time" content="2025-03-21T14:13:59+00:00" />
<meta property="og:image" content="https://gudayterreros.com/wp-content/uploads/2021/12/guday-terreros-arq-16-470x470-1.jpg" />
	<meta property="og:image:width" content="470" />
	<meta property="og:image:height" content="470" />
	<meta property="og:image:type" content="image/jpeg" />
<meta name="twitter:card" content="summary_large_image" />
<script type="application/ld+json" class="yoast-schema-graph">{"@context":"https://schema.org","@graph":[{"@type":"WebPage","@id":"https://gudayterreros.com/es/project/casa-tibidabo/","url":"https://gudayterreros.com/es/project/casa-tibidabo/","name":"Dirección de obra y project management de viviendas | Guday Terreros","isPartOf":{"@id":"https://gudayterreros.com/es/#website"},"datePublished":"2019-10-16T11:34:33+00:00","dateModified":"2025-03-21T14:13:59+00:00","description":"Reforma de Casa bajo el Tibidabo, en Barcelona, ​​con proyecto y dirección de obra por Guday Terreros Arquitectura. ¡La casa tiene unas vistas al mar extraordinarias!","breadcrumb":{"@id":"https://gudayterreros.com/es/project/casa-tibidabo/#breadcrumb"},"inLanguage":"es","potentialAction":[{"@type":"ReadAction","target":["https://gudayterreros.com/es/project/casa-tibidabo/"]}]},{"@type":"BreadcrumbList","@id":"https://gudayterreros.com/es/project/casa-tibidabo/#breadcrumb","itemListElement":[{"@type":"ListItem","position":1,"name":"Portada","item":"https://gudayterreros.com/es/"},{"@type":"ListItem","position":2,"name":"Proyectos","item":"https://gudayterreros.com/es/project/"},{"@type":"ListItem","position":3,"name":"Casa en el Tibidabo"}]},{"@type":"WebSite","@id":"https://gudayterreros.com/es/#website","url":"https://gudayterreros.com/es/","name":"Guday Terreros","description":"Despacho Arquitectura","potentialAction":[{"@type":"SearchAction","target":{"@type":"EntryPoint","urlTemplate":"https://gudayterreros.com/es/?s={search_term_string}"},"query-input":"required name=search_term_string"}],"inLanguage":"es"}]}</script>
<!-- / Yoast SEO plugin. -->

Dirección de obra y project management de viviendas | Guday Terreros

Reforma de Casa bajo el Tibidabo, en Barcelona, ​​con proyecto y dirección de obra por Guday Terreros Arquitectura. ¡La casa tiene unas vistas al mar extraordinarias!
