{"id":3818,"date":"2021-01-19T15:14:37","date_gmt":"2021-01-19T15:14:37","guid":{"rendered":"https:\/\/gudayterreros.com\/project\/residencia-geriatrica-en-malgrat-de-mar\/"},"modified":"2021-12-21T08:11:50","modified_gmt":"2021-12-21T08:11:50","slug":"residencia-geriatrica-en-malgrat-de-mar","status":"publish","type":"project","link":"https:\/\/gudayterreros.com\/es\/project\/residencia-geriatrica-en-malgrat-de-mar\/","title":{"rendered":"Residencia Geri\u00e1trica en Malgrat de Mar"},"content":{"rendered":"<p>Reforma interior de la Residencia Nazaret en Malgrat de Mar:<\/p>\n<p>1a fase: 2019 : Reforma de 18 ba\u00f1os.<\/p>\n<p>2a fase: 2020: Reforma de 12 ba\u00f1os.<\/p>\n<p>3a fase: 2021: Reparaci\u00f3n de la Cubierta.<\/p>\n","protected":false},"excerpt":{"rendered":"<p>Reforma interior de la Residencia Nazaret en Malgrat de Mar: 1a fase: 2019 : Reforma de 18 ba\u00f1os. 2a fase: 2020: Reforma de 12 ba\u00f1os. 3a fase: 2021: Reparaci\u00f3n de la Cubierta.<\/p>\n","protected":false},"author":3,"featured_media":3568,"comment_status":"closed","ping_status":"closed","template":"","meta":{"_et_pb_use_builder":"","_et_pb_old_content":"","_et_gb_content_width":""},"project_category":[90],"project_tag":[],"acf":[],"yoast_head":"<!-- This site is optimized with the Yoast SEO plugin v19.10 - https:\/\/yoast.com\/wordpress\/plugins\/seo\/ -->\n<title>Residencia Geri\u00e1trica en Malgrat de Mar - Guday Terreros<\/title>\n<meta name=\"description\" content=\"Obras de actualizaci\u00f3n de los espacios interiores para la Residencia de ancianos Nazaret, en la poblaci\u00f3n de Malgrat de Mar (Barcelona).\" \/>\n<meta name=\"robots\" content=\"index, follow, max-snippet:-1, max-image-preview:large, max-video-preview:-1\" \/>\n<link rel=\"canonical\" href=\"https:\/\/gudayterreros.com\/es\/project\/residencia-geriatrica-en-malgrat-de-mar\/\" \/>\n<meta property=\"og:locale\" content=\"es_ES\" \/>\n<meta property=\"og:type\" content=\"article\" \/>\n<meta property=\"og:title\" content=\"Residencia Geri\u00e1trica en Malgrat de Mar - Guday Terreros\" \/>\n<meta property=\"og:description\" content=\"Obras de actualizaci\u00f3n de los espacios interiores para la Residencia de ancianos Nazaret, en la poblaci\u00f3n de Malgrat de Mar (Barcelona).\" \/>\n<meta property=\"og:url\" content=\"https:\/\/gudayterreros.com\/es\/project\/residencia-geriatrica-en-malgrat-de-mar\/\" \/>\n<meta property=\"og:site_name\" content=\"Guday Terreros\" \/>\n<meta property=\"article:modified_time\" content=\"2021-12-21T08:11:50+00:00\" \/>\n<meta property=\"og:image\" content=\"https:\/\/gudayterreros.com\/wp-content\/uploads\/2021\/12\/nazaret-guday-terreros.png\" \/>\n\t<meta property=\"og:image:width\" content=\"470\" \/>\n\t<meta property=\"og:image:height\" content=\"470\" \/>\n\t<meta property=\"og:image:type\" content=\"image\/png\" \/>\n<meta name=\"twitter:card\" content=\"summary_large_image\" \/>\n<script type=\"application\/ld+json\" class=\"yoast-schema-graph\">{\"@context\":\"https:\/\/schema.org\",\"@graph\":[{\"@type\":\"WebPage\",\"@id\":\"https:\/\/gudayterreros.com\/es\/project\/residencia-geriatrica-en-malgrat-de-mar\/\",\"url\":\"https:\/\/gudayterreros.com\/es\/project\/residencia-geriatrica-en-malgrat-de-mar\/\",\"name\":\"Residencia Geri\u00e1trica en Malgrat de Mar - Guday Terreros\",\"isPartOf\":{\"@id\":\"https:\/\/gudayterreros.com\/es\/#website\"},\"datePublished\":\"2021-01-19T15:14:37+00:00\",\"dateModified\":\"2021-12-21T08:11:50+00:00\",\"description\":\"Obras de actualizaci\u00f3n de los espacios interiores para la Residencia de ancianos Nazaret, en la poblaci\u00f3n de Malgrat de Mar (Barcelona).\",\"breadcrumb\":{\"@id\":\"https:\/\/gudayterreros.com\/es\/project\/residencia-geriatrica-en-malgrat-de-mar\/#breadcrumb\"},\"inLanguage\":\"es\",\"potentialAction\":[{\"@type\":\"ReadAction\",\"target\":[\"https:\/\/gudayterreros.com\/es\/project\/residencia-geriatrica-en-malgrat-de-mar\/\"]}]},{\"@type\":\"BreadcrumbList\",\"@id\":\"https:\/\/gudayterreros.com\/es\/project\/residencia-geriatrica-en-malgrat-de-mar\/#breadcrumb\",\"itemListElement\":[{\"@type\":\"ListItem\",\"position\":1,\"name\":\"Portada\",\"item\":\"https:\/\/gudayterreros.com\/es\/\"},{\"@type\":\"ListItem\",\"position\":2,\"name\":\"Proyectos\",\"item\":\"https:\/\/gudayterreros.com\/es\/project\/\"},{\"@type\":\"ListItem\",\"position\":3,\"name\":\"Residencia Geri\u00e1trica en Malgrat de Mar\"}]},{\"@type\":\"WebSite\",\"@id\":\"https:\/\/gudayterreros.com\/es\/#website\",\"url\":\"https:\/\/gudayterreros.com\/es\/\",\"name\":\"Guday Terreros\",\"description\":\"Despacho Arquitectura\",\"potentialAction\":[{\"@type\":\"SearchAction\",\"target\":{\"@type\":\"EntryPoint\",\"urlTemplate\":\"https:\/\/gudayterreros.com\/es\/?s={search_term_string}\"},\"query-input\":\"required name=search_term_string\"}],\"inLanguage\":\"es\"}]}<\/script>\n<!-- \/ Yoast SEO plugin. -->","yoast_head_json":{"title":"Residencia Geri\u00e1trica en Malgrat de Mar - Guday Terreros","description":"Obras de actualizaci\u00f3n de los espacios interiores para la Residencia de ancianos Nazaret, en la poblaci\u00f3n de Malgrat de Mar (Barcelona).","robots":{"index":"index","follow":"follow","max-snippet":"max-snippet:-1","max-image-preview":"max-image-preview:large","max-video-preview":"max-video-preview:-1"},"canonical":"https:\/\/gudayterreros.com\/es\/project\/residencia-geriatrica-en-malgrat-de-mar\/","og_locale":"es_ES","og_type":"article","og_title":"Residencia Geri\u00e1trica en Malgrat de Mar - Guday Terreros","og_description":"Obras de actualizaci\u00f3n de los espacios interiores para la Residencia de ancianos Nazaret, en la poblaci\u00f3n de Malgrat de Mar (Barcelona).","og_url":"https:\/\/gudayterreros.com\/es\/project\/residencia-geriatrica-en-malgrat-de-mar\/","og_site_name":"Guday Terreros","article_modified_time":"2021-12-21T08:11:50+00:00","og_image":[{"width":470,"height":470,"url":"https:\/\/gudayterreros.com\/wp-content\/uploads\/2021\/12\/nazaret-guday-terreros.png","type":"image\/png"}],"twitter_card":"summary_large_image","schema":{"@context":"https:\/\/schema.org","@graph":[{"@type":"WebPage","@id":"https:\/\/gudayterreros.com\/es\/project\/residencia-geriatrica-en-malgrat-de-mar\/","url":"https:\/\/gudayterreros.com\/es\/project\/residencia-geriatrica-en-malgrat-de-mar\/","name":"Residencia Geri\u00e1trica en Malgrat de Mar - Guday Terreros","isPartOf":{"@id":"https:\/\/gudayterreros.com\/es\/#website"},"datePublished":"2021-01-19T15:14:37+00:00","dateModified":"2021-12-21T08:11:50+00:00","description":"Obras de actualizaci\u00f3n de los espacios interiores para la Residencia de ancianos Nazaret, en la poblaci\u00f3n de Malgrat de Mar (Barcelona).","breadcrumb":{"@id":"https:\/\/gudayterreros.com\/es\/project\/residencia-geriatrica-en-malgrat-de-mar\/#breadcrumb"},"inLanguage":"es","potentialAction":[{"@type":"ReadAction","target":["https:\/\/gudayterreros.com\/es\/project\/residencia-geriatrica-en-malgrat-de-mar\/"]}]},{"@type":"BreadcrumbList","@id":"https:\/\/gudayterreros.com\/es\/project\/residencia-geriatrica-en-malgrat-de-mar\/#breadcrumb","itemListElement":[{"@type":"ListItem","position":1,"name":"Portada","item":"https:\/\/gudayterreros.com\/es\/"},{"@type":"ListItem","position":2,"name":"Proyectos","item":"https:\/\/gudayterreros.com\/es\/project\/"},{"@type":"ListItem","position":3,"name":"Residencia Geri\u00e1trica en Malgrat de Mar"}]},{"@type":"WebSite","@id":"https:\/\/gudayterreros.com\/es\/#website","url":"https:\/\/gudayterreros.com\/es\/","name":"Guday Terreros","description":"Despacho Arquitectura","potentialAction":[{"@type":"SearchAction","target":{"@type":"EntryPoint","urlTemplate":"https:\/\/gudayterreros.com\/es\/?s={search_term_string}"},"query-input":"required name=search_term_string"}],"inLanguage":"es"}]}},"_links":{"self":[{"href":"https:\/\/gudayterreros.com\/es\/wp-json\/wp\/v2\/project\/3818"}],"collection":[{"href":"https:\/\/gudayterreros.com\/es\/wp-json\/wp\/v2\/project"}],"about":[{"href":"https:\/\/gudayterreros.com\/es\/wp-json\/wp\/v2\/types\/project"}],"author":[{"embeddable":true,"href":"https:\/\/gudayterreros.com\/es\/wp-json\/wp\/v2\/users\/3"}],"replies":[{"embeddable":true,"href":"https:\/\/gudayterreros.com\/es\/wp-json\/wp\/v2\/comments?post=3818"}],"version-history":[{"count":2,"href":"https:\/\/gudayterreros.com\/es\/wp-json\/wp\/v2\/project\/3818\/revisions"}],"predecessor-version":[{"id":4242,"href":"https:\/\/gudayterreros.com\/es\/wp-json\/wp\/v2\/project\/3818\/revisions\/4242"}],"wp:featuredmedia":[{"embeddable":true,"href":"https:\/\/gudayterreros.com\/es\/wp-json\/wp\/v2\/media\/3568"}],"wp:attachment":[{"href":"https:\/\/gudayterreros.com\/es\/wp-json\/wp\/v2\/media?parent=3818"}],"wp:term":[{"taxonomy":"project_category","embeddable":true,"href":"https:\/\/gudayterreros.com\/es\/wp-json\/wp\/v2\/project_category?post=3818"},{"taxonomy":"project_tag","embeddable":true,"href":"https:\/\/gudayterreros.com\/es\/wp-json\/wp\/v2\/project_tag?post=3818"}],"curies":[{"name":"wp","href":"https:\/\/api.w.org\/{rel}","templated":true}]}}

Residencia Geriátrica en Malgrat de Mar

<p>Reforma interior de la Residencia Nazaret en Malgrat de Mar:</p>
<p>1a fase: 2019 : Reforma de 18 baños.</p>
<p>2a fase: 2020: Reforma de 12 baños.</p>
<p>3a fase: 2021: Reparación de la Cubierta.</p>

<p>Reforma interior de la Residencia Nazaret en Malgrat de Mar: 1a fase: 2019 : Reforma de 18 baños. 2a fase: 2020: Reforma de 12 baños. 3a fase: 2021: Reparación de la Cubierta.</p>

<!-- This site is optimized with the Yoast SEO plugin v19.10 - https://yoast.com/wordpress/plugins/seo/ -->
<title>Residencia Geriátrica en Malgrat de Mar - Guday Terreros</title>
<meta name="description" content="Obras de actualización de los espacios interiores para la Residencia de ancianos Nazaret, en la población de Malgrat de Mar (Barcelona)." />
<meta name="robots" content="index, follow, max-snippet:-1, max-image-preview:large, max-video-preview:-1" />
<link rel="canonical" href="https://gudayterreros.com/es/project/residencia-geriatrica-en-malgrat-de-mar/" />
<meta property="og:locale" content="es_ES" />
<meta property="og:type" content="article" />
<meta property="og:title" content="Residencia Geriátrica en Malgrat de Mar - Guday Terreros" />
<meta property="og:description" content="Obras de actualización de los espacios interiores para la Residencia de ancianos Nazaret, en la población de Malgrat de Mar (Barcelona)." />
<meta property="og:url" content="https://gudayterreros.com/es/project/residencia-geriatrica-en-malgrat-de-mar/" />
<meta property="og:site_name" content="Guday Terreros" />
<meta property="article:modified_time" content="2021-12-21T08:11:50+00:00" />
<meta property="og:image" content="https://gudayterreros.com/wp-content/uploads/2021/12/nazaret-guday-terreros.png" />
	<meta property="og:image:width" content="470" />
	<meta property="og:image:height" content="470" />
	<meta property="og:image:type" content="image/png" />
<meta name="twitter:card" content="summary_large_image" />
<script type="application/ld+json" class="yoast-schema-graph">{"@context":"https://schema.org","@graph":[{"@type":"WebPage","@id":"https://gudayterreros.com/es/project/residencia-geriatrica-en-malgrat-de-mar/","url":"https://gudayterreros.com/es/project/residencia-geriatrica-en-malgrat-de-mar/","name":"Residencia Geriátrica en Malgrat de Mar - Guday Terreros","isPartOf":{"@id":"https://gudayterreros.com/es/#website"},"datePublished":"2021-01-19T15:14:37+00:00","dateModified":"2021-12-21T08:11:50+00:00","description":"Obras de actualización de los espacios interiores para la Residencia de ancianos Nazaret, en la población de Malgrat de Mar (Barcelona).","breadcrumb":{"@id":"https://gudayterreros.com/es/project/residencia-geriatrica-en-malgrat-de-mar/#breadcrumb"},"inLanguage":"es","potentialAction":[{"@type":"ReadAction","target":["https://gudayterreros.com/es/project/residencia-geriatrica-en-malgrat-de-mar/"]}]},{"@type":"BreadcrumbList","@id":"https://gudayterreros.com/es/project/residencia-geriatrica-en-malgrat-de-mar/#breadcrumb","itemListElement":[{"@type":"ListItem","position":1,"name":"Portada","item":"https://gudayterreros.com/es/"},{"@type":"ListItem","position":2,"name":"Proyectos","item":"https://gudayterreros.com/es/project/"},{"@type":"ListItem","position":3,"name":"Residencia Geriátrica en Malgrat de Mar"}]},{"@type":"WebSite","@id":"https://gudayterreros.com/es/#website","url":"https://gudayterreros.com/es/","name":"Guday Terreros","description":"Despacho Arquitectura","potentialAction":[{"@type":"SearchAction","target":{"@type":"EntryPoint","urlTemplate":"https://gudayterreros.com/es/?s={search_term_string}"},"query-input":"required name=search_term_string"}],"inLanguage":"es"}]}</script>
<!-- / Yoast SEO plugin. -->

Residencia Geriátrica en Malgrat de Mar - Guday Terreros

Obras de actualización de los espacios interiores para la Residencia de ancianos Nazaret, en la población de Malgrat de Mar (Barcelona).
