{"id":3777,"date":"2021-01-25T10:56:23","date_gmt":"2021-01-25T10:56:23","guid":{"rendered":"https:\/\/gudayterreros.com\/project\/clinica-del-remei-de-barcelona\/"},"modified":"2022-06-28T10:54:27","modified_gmt":"2022-06-28T10:54:27","slug":"clinica-remei-barcelona","status":"publish","type":"project","link":"https:\/\/gudayterreros.com\/es\/project\/clinica-remei-barcelona\/","title":{"rendered":"Fachada de la Cl\u00ednica del Remei"},"content":{"rendered":"<p>La remodelaci\u00f3n de la Cl\u00ednica del Remei\u00a0se ha realizado en diferentes fases con un objetivo \u00fanico.<\/p>\n<p>En este proyecto hemos realizado la direcci\u00f3n\u00a0de ejecuci\u00f3n de la obra y la direcci\u00f3n de las instalaciones\u00a0sucesivamente.<\/p>\n<p>Hemos supervisado\u00a0aspectos constructivos y t\u00e9cnicos, de conformidad con el proyecto, la licencia de edificaci\u00f3n y las condiciones del contrato.<br \/>\nLa ejecuci\u00f3n material de la obra revisando el control cualitativo y cuantitativo de la construcci\u00f3n y la calidad de lo que se ha edificado.<\/p>\n<p>El inicio de esta reforma empieza desde el exterior donde la necesidad de nuestro cliente era transformar los antiguos balcones en nuevos espacios interiores. Para su realizaci\u00f3n se opt\u00f3 por materiales innovadores y de alta calidad. La combinaci\u00f3n de lamas de madera de bamb\u00fa ign\u00edfuga y una perfiler\u00eda met\u00e1lica de aluminio de la casa <em>Technal <\/em>ha sido perfecta.<\/p>\n<p>Una vez finalizada la fachada con una imagen renovada, se inicia la siguiente fase, la distribuci\u00f3n interna. La nueva \u00e1rea U.C.S.I (unidad de curas sin ingreso) est\u00e1 ubicada en la tercera planta. En ella se ha creado espacio para 9 boxes destinados a la atenci\u00f3n y cura de los pacientes. La elecci\u00f3n de materiales resistentes y de f\u00e1cil mantenimiento tanto en las paredes del pasillo, cubiertas con HPL, como en la recepci\u00f3n, han sido una apuesta segura.<br \/>\nEn esta zona se ha dispuesto un tablero de f\u00e1cil acceso para los usuarios. En esta misma l\u00ednea se han dise\u00f1ado los ba\u00f1os de la nueva zona cumpliendo con la normativa vigente.<br \/>\nLa optimizaci\u00f3n de recursos y espacios permite crear cuatro<br \/>\nhabitaciones \u201cstandards\u201d y una suite en la misma planta.<\/p>\n<p>El resultado es nuestra mejor carta de presentaci\u00f3n as\u00ed como la<br \/>\nexperiencia y formaci\u00f3n del equipo que nos permite realizar con \u00e9xito todos los procesos.<\/p>\n","protected":false},"excerpt":{"rendered":"<p>La remodelaci\u00f3n de la Cl\u00ednica del Remei\u00a0se ha realizado en diferentes fases con un objetivo \u00fanico. En este proyecto hemos realizado la direcci\u00f3n\u00a0de ejecuci\u00f3n de la obra y la direcci\u00f3n de las instalaciones\u00a0sucesivamente. Hemos supervisado\u00a0aspectos constructivos y t\u00e9cnicos, de conformidad con el proyecto, la licencia de edificaci\u00f3n y las condiciones del contrato. La ejecuci\u00f3n material [&hellip;]<\/p>\n","protected":false},"author":3,"featured_media":4389,"comment_status":"closed","ping_status":"closed","template":"","meta":{"_et_pb_use_builder":"","_et_pb_old_content":"","_et_gb_content_width":""},"project_category":[89],"project_tag":[],"acf":[],"yoast_head":"<!-- This site is optimized with the Yoast SEO plugin v19.10 - https:\/\/yoast.com\/wordpress\/plugins\/seo\/ -->\n<title>Cl\u00ednica del Remei de Barcelona I Guday Terreros Arquitectura<\/title>\n<meta name=\"description\" content=\"Obras de actualizaci\u00f3n de la Normativa de la Licencia de Actividades, de la Cl\u00ednica del Remei, en la calle Escorial de Barcelona.\" \/>\n<meta name=\"robots\" content=\"index, follow, max-snippet:-1, max-image-preview:large, max-video-preview:-1\" \/>\n<link rel=\"canonical\" href=\"https:\/\/gudayterreros.com\/es\/project\/clinica-remei-barcelona\/\" \/>\n<meta property=\"og:locale\" content=\"es_ES\" \/>\n<meta property=\"og:type\" content=\"article\" \/>\n<meta property=\"og:title\" content=\"Cl\u00ednica del Remei de Barcelona I Guday Terreros Arquitectura\" \/>\n<meta property=\"og:description\" content=\"Obras de actualizaci\u00f3n de la Normativa de la Licencia de Actividades, de la Cl\u00ednica del Remei, en la calle Escorial de Barcelona.\" \/>\n<meta property=\"og:url\" content=\"https:\/\/gudayterreros.com\/es\/project\/clinica-remei-barcelona\/\" \/>\n<meta property=\"og:site_name\" content=\"Guday Terreros\" \/>\n<meta property=\"article:modified_time\" content=\"2022-06-28T10:54:27+00:00\" \/>\n<meta property=\"og:image\" content=\"https:\/\/gudayterreros.com\/wp-content\/uploads\/2021\/12\/clinica-remei-facana-1LR.jpg\" \/>\n\t<meta property=\"og:image:width\" content=\"900\" \/>\n\t<meta property=\"og:image:height\" content=\"600\" \/>\n\t<meta property=\"og:image:type\" content=\"image\/jpeg\" \/>\n<meta name=\"twitter:card\" content=\"summary_large_image\" \/>\n<meta name=\"twitter:label1\" content=\"Tiempo de lectura\" \/>\n\t<meta name=\"twitter:data1\" content=\"2 minutos\" \/>\n<script type=\"application\/ld+json\" class=\"yoast-schema-graph\">{\"@context\":\"https:\/\/schema.org\",\"@graph\":[{\"@type\":\"WebPage\",\"@id\":\"https:\/\/gudayterreros.com\/es\/project\/clinica-remei-barcelona\/\",\"url\":\"https:\/\/gudayterreros.com\/es\/project\/clinica-remei-barcelona\/\",\"name\":\"Cl\u00ednica del Remei de Barcelona I Guday Terreros Arquitectura\",\"isPartOf\":{\"@id\":\"https:\/\/gudayterreros.com\/es\/#website\"},\"datePublished\":\"2021-01-25T10:56:23+00:00\",\"dateModified\":\"2022-06-28T10:54:27+00:00\",\"description\":\"Obras de actualizaci\u00f3n de la Normativa de la Licencia de Actividades, de la Cl\u00ednica del Remei, en la calle Escorial de Barcelona.\",\"breadcrumb\":{\"@id\":\"https:\/\/gudayterreros.com\/es\/project\/clinica-remei-barcelona\/#breadcrumb\"},\"inLanguage\":\"es\",\"potentialAction\":[{\"@type\":\"ReadAction\",\"target\":[\"https:\/\/gudayterreros.com\/es\/project\/clinica-remei-barcelona\/\"]}]},{\"@type\":\"BreadcrumbList\",\"@id\":\"https:\/\/gudayterreros.com\/es\/project\/clinica-remei-barcelona\/#breadcrumb\",\"itemListElement\":[{\"@type\":\"ListItem\",\"position\":1,\"name\":\"Portada\",\"item\":\"https:\/\/gudayterreros.com\/es\/\"},{\"@type\":\"ListItem\",\"position\":2,\"name\":\"Proyectos\",\"item\":\"https:\/\/gudayterreros.com\/es\/project\/\"},{\"@type\":\"ListItem\",\"position\":3,\"name\":\"Fachada de la Cl\u00ednica del Remei\"}]},{\"@type\":\"WebSite\",\"@id\":\"https:\/\/gudayterreros.com\/es\/#website\",\"url\":\"https:\/\/gudayterreros.com\/es\/\",\"name\":\"Guday Terreros\",\"description\":\"Despacho Arquitectura\",\"potentialAction\":[{\"@type\":\"SearchAction\",\"target\":{\"@type\":\"EntryPoint\",\"urlTemplate\":\"https:\/\/gudayterreros.com\/es\/?s={search_term_string}\"},\"query-input\":\"required name=search_term_string\"}],\"inLanguage\":\"es\"}]}<\/script>\n<!-- \/ Yoast SEO plugin. -->","yoast_head_json":{"title":"Cl\u00ednica del Remei de Barcelona I Guday Terreros Arquitectura","description":"Obras de actualizaci\u00f3n de la Normativa de la Licencia de Actividades, de la Cl\u00ednica del Remei, en la calle Escorial de Barcelona.","robots":{"index":"index","follow":"follow","max-snippet":"max-snippet:-1","max-image-preview":"max-image-preview:large","max-video-preview":"max-video-preview:-1"},"canonical":"https:\/\/gudayterreros.com\/es\/project\/clinica-remei-barcelona\/","og_locale":"es_ES","og_type":"article","og_title":"Cl\u00ednica del Remei de Barcelona I Guday Terreros Arquitectura","og_description":"Obras de actualizaci\u00f3n de la Normativa de la Licencia de Actividades, de la Cl\u00ednica del Remei, en la calle Escorial de Barcelona.","og_url":"https:\/\/gudayterreros.com\/es\/project\/clinica-remei-barcelona\/","og_site_name":"Guday Terreros","article_modified_time":"2022-06-28T10:54:27+00:00","og_image":[{"width":900,"height":600,"url":"https:\/\/gudayterreros.com\/wp-content\/uploads\/2021\/12\/clinica-remei-facana-1LR.jpg","type":"image\/jpeg"}],"twitter_card":"summary_large_image","twitter_misc":{"Tiempo de lectura":"2 minutos"},"schema":{"@context":"https:\/\/schema.org","@graph":[{"@type":"WebPage","@id":"https:\/\/gudayterreros.com\/es\/project\/clinica-remei-barcelona\/","url":"https:\/\/gudayterreros.com\/es\/project\/clinica-remei-barcelona\/","name":"Cl\u00ednica del Remei de Barcelona I Guday Terreros Arquitectura","isPartOf":{"@id":"https:\/\/gudayterreros.com\/es\/#website"},"datePublished":"2021-01-25T10:56:23+00:00","dateModified":"2022-06-28T10:54:27+00:00","description":"Obras de actualizaci\u00f3n de la Normativa de la Licencia de Actividades, de la Cl\u00ednica del Remei, en la calle Escorial de Barcelona.","breadcrumb":{"@id":"https:\/\/gudayterreros.com\/es\/project\/clinica-remei-barcelona\/#breadcrumb"},"inLanguage":"es","potentialAction":[{"@type":"ReadAction","target":["https:\/\/gudayterreros.com\/es\/project\/clinica-remei-barcelona\/"]}]},{"@type":"BreadcrumbList","@id":"https:\/\/gudayterreros.com\/es\/project\/clinica-remei-barcelona\/#breadcrumb","itemListElement":[{"@type":"ListItem","position":1,"name":"Portada","item":"https:\/\/gudayterreros.com\/es\/"},{"@type":"ListItem","position":2,"name":"Proyectos","item":"https:\/\/gudayterreros.com\/es\/project\/"},{"@type":"ListItem","position":3,"name":"Fachada de la Cl\u00ednica del Remei"}]},{"@type":"WebSite","@id":"https:\/\/gudayterreros.com\/es\/#website","url":"https:\/\/gudayterreros.com\/es\/","name":"Guday Terreros","description":"Despacho Arquitectura","potentialAction":[{"@type":"SearchAction","target":{"@type":"EntryPoint","urlTemplate":"https:\/\/gudayterreros.com\/es\/?s={search_term_string}"},"query-input":"required name=search_term_string"}],"inLanguage":"es"}]}},"_links":{"self":[{"href":"https:\/\/gudayterreros.com\/es\/wp-json\/wp\/v2\/project\/3777"}],"collection":[{"href":"https:\/\/gudayterreros.com\/es\/wp-json\/wp\/v2\/project"}],"about":[{"href":"https:\/\/gudayterreros.com\/es\/wp-json\/wp\/v2\/types\/project"}],"author":[{"embeddable":true,"href":"https:\/\/gudayterreros.com\/es\/wp-json\/wp\/v2\/users\/3"}],"replies":[{"embeddable":true,"href":"https:\/\/gudayterreros.com\/es\/wp-json\/wp\/v2\/comments?post=3777"}],"version-history":[{"count":8,"href":"https:\/\/gudayterreros.com\/es\/wp-json\/wp\/v2\/project\/3777\/revisions"}],"predecessor-version":[{"id":4672,"href":"https:\/\/gudayterreros.com\/es\/wp-json\/wp\/v2\/project\/3777\/revisions\/4672"}],"wp:featuredmedia":[{"embeddable":true,"href":"https:\/\/gudayterreros.com\/es\/wp-json\/wp\/v2\/media\/4389"}],"wp:attachment":[{"href":"https:\/\/gudayterreros.com\/es\/wp-json\/wp\/v2\/media?parent=3777"}],"wp:term":[{"taxonomy":"project_category","embeddable":true,"href":"https:\/\/gudayterreros.com\/es\/wp-json\/wp\/v2\/project_category?post=3777"},{"taxonomy":"project_tag","embeddable":true,"href":"https:\/\/gudayterreros.com\/es\/wp-json\/wp\/v2\/project_tag?post=3777"}],"curies":[{"name":"wp","href":"https:\/\/api.w.org\/{rel}","templated":true}]}}

Fachada de la Clínica del Remei

<p>La remodelación de la Clínica del Remei se ha realizado en diferentes fases con un objetivo único.</p>
<p>En este proyecto hemos realizado la dirección de ejecución de la obra y la dirección de las instalaciones sucesivamente.</p>
<p>Hemos supervisado aspectos constructivos y técnicos, de conformidad con el proyecto, la licencia de edificación y las condiciones del contrato.<br />
La ejecución material de la obra revisando el control cualitativo y cuantitativo de la construcción y la calidad de lo que se ha edificado.</p>
<p>El inicio de esta reforma empieza desde el exterior donde la necesidad de nuestro cliente era transformar los antiguos balcones en nuevos espacios interiores. Para su realización se optó por materiales innovadores y de alta calidad. La combinación de lamas de madera de bambú ignífuga y una perfilería metálica de aluminio de la casa <em>Technal </em>ha sido perfecta.</p>
<p>Una vez finalizada la fachada con una imagen renovada, se inicia la siguiente fase, la distribución interna. La nueva área U.C.S.I (unidad de curas sin ingreso) está ubicada en la tercera planta. En ella se ha creado espacio para 9 boxes destinados a la atención y cura de los pacientes. La elección de materiales resistentes y de fácil mantenimiento tanto en las paredes del pasillo, cubiertas con HPL, como en la recepción, han sido una apuesta segura.<br />
En esta zona se ha dispuesto un tablero de fácil acceso para los usuarios. En esta misma línea se han diseñado los baños de la nueva zona cumpliendo con la normativa vigente.<br />
La optimización de recursos y espacios permite crear cuatro<br />
habitaciones “standards” y una suite en la misma planta.</p>
<p>El resultado es nuestra mejor carta de presentación así como la<br />
experiencia y formación del equipo que nos permite realizar con éxito todos los procesos.</p>

<p>La remodelación de la Clínica del Remei se ha realizado en diferentes fases con un objetivo único. En este proyecto hemos realizado la dirección de ejecución de la obra y la dirección de las instalaciones sucesivamente. Hemos supervisado aspectos constructivos y técnicos, de conformidad con el proyecto, la licencia de edificación y las condiciones del contrato. La ejecución material [&hellip;]</p>

<!-- This site is optimized with the Yoast SEO plugin v19.10 - https://yoast.com/wordpress/plugins/seo/ -->
<title>Clínica del Remei de Barcelona I Guday Terreros Arquitectura</title>
<meta name="description" content="Obras de actualización de la Normativa de la Licencia de Actividades, de la Clínica del Remei, en la calle Escorial de Barcelona." />
<meta name="robots" content="index, follow, max-snippet:-1, max-image-preview:large, max-video-preview:-1" />
<link rel="canonical" href="https://gudayterreros.com/es/project/clinica-remei-barcelona/" />
<meta property="og:locale" content="es_ES" />
<meta property="og:type" content="article" />
<meta property="og:title" content="Clínica del Remei de Barcelona I Guday Terreros Arquitectura" />
<meta property="og:description" content="Obras de actualización de la Normativa de la Licencia de Actividades, de la Clínica del Remei, en la calle Escorial de Barcelona." />
<meta property="og:url" content="https://gudayterreros.com/es/project/clinica-remei-barcelona/" />
<meta property="og:site_name" content="Guday Terreros" />
<meta property="article:modified_time" content="2022-06-28T10:54:27+00:00" />
<meta property="og:image" content="https://gudayterreros.com/wp-content/uploads/2021/12/clinica-remei-facana-1LR.jpg" />
	<meta property="og:image:width" content="900" />
	<meta property="og:image:height" content="600" />
	<meta property="og:image:type" content="image/jpeg" />
<meta name="twitter:card" content="summary_large_image" />
<meta name="twitter:label1" content="Tiempo de lectura" />
	<meta name="twitter:data1" content="2 minutos" />
<script type="application/ld+json" class="yoast-schema-graph">{"@context":"https://schema.org","@graph":[{"@type":"WebPage","@id":"https://gudayterreros.com/es/project/clinica-remei-barcelona/","url":"https://gudayterreros.com/es/project/clinica-remei-barcelona/","name":"Clínica del Remei de Barcelona I Guday Terreros Arquitectura","isPartOf":{"@id":"https://gudayterreros.com/es/#website"},"datePublished":"2021-01-25T10:56:23+00:00","dateModified":"2022-06-28T10:54:27+00:00","description":"Obras de actualización de la Normativa de la Licencia de Actividades, de la Clínica del Remei, en la calle Escorial de Barcelona.","breadcrumb":{"@id":"https://gudayterreros.com/es/project/clinica-remei-barcelona/#breadcrumb"},"inLanguage":"es","potentialAction":[{"@type":"ReadAction","target":["https://gudayterreros.com/es/project/clinica-remei-barcelona/"]}]},{"@type":"BreadcrumbList","@id":"https://gudayterreros.com/es/project/clinica-remei-barcelona/#breadcrumb","itemListElement":[{"@type":"ListItem","position":1,"name":"Portada","item":"https://gudayterreros.com/es/"},{"@type":"ListItem","position":2,"name":"Proyectos","item":"https://gudayterreros.com/es/project/"},{"@type":"ListItem","position":3,"name":"Fachada de la Clínica del Remei"}]},{"@type":"WebSite","@id":"https://gudayterreros.com/es/#website","url":"https://gudayterreros.com/es/","name":"Guday Terreros","description":"Despacho Arquitectura","potentialAction":[{"@type":"SearchAction","target":{"@type":"EntryPoint","urlTemplate":"https://gudayterreros.com/es/?s={search_term_string}"},"query-input":"required name=search_term_string"}],"inLanguage":"es"}]}</script>
<!-- / Yoast SEO plugin. -->

Clínica del Remei de Barcelona I Guday Terreros Arquitectura

Obras de actualización de la Normativa de la Licencia de Actividades, de la Clínica del Remei, en la calle Escorial de Barcelona.
