{"version":"1.0","provider_name":"Guday Terreros","provider_url":"https:\/\/gudayterreros.com\/es\/","title":"La Arquitecta Olga Guday escribi\u00f3 para \u201cel Peri\u00f3dico\u201d, el dia 26 de Novembre de 2017.","type":"rich","width":600,"height":338,"html":"<blockquote class=\"wp-embedded-content\" data-secret=\"WcOexnyL57\"><a href=\"https:\/\/gudayterreros.com\/es\/blog\/articulo-opinion-restricciones-circulacion-barcelona-olga-guday\/\">Art\u00edculo de opini\u00f3n sobre las nuevas restricciones de circulaci\u00f3n en toda Barcelona, por Olga Guday<\/a><\/blockquote><iframe sandbox=\"allow-scripts\" security=\"restricted\" src=\"https:\/\/gudayterreros.com\/es\/blog\/articulo-opinion-restricciones-circulacion-barcelona-olga-guday\/embed\/#?secret=WcOexnyL57\" width=\"600\" height=\"338\" title=\"\u00abArt\u00edculo de opini\u00f3n sobre las nuevas restricciones de circulaci\u00f3n en toda Barcelona, por Olga Guday\u00bb \u2014 Guday Terreros\" data-secret=\"WcOexnyL57\" frameborder=\"0\" marginwidth=\"0\" marginheight=\"0\" scrolling=\"no\" class=\"wp-embedded-content\"><\/iframe><script type=\"text\/javascript\">\n\/*! This file is auto-generated *\/\n!function(c,l){\"use strict\";var e=!1,o=!1;if(l.querySelector)if(c.addEventListener)e=!0;if(c.wp=c.wp||{},c.wp.receiveEmbedMessage);else if(c.wp.receiveEmbedMessage=function(e){var t=e.data;if(!t);else if(!(t.secret||t.message||t.value));else if(\/[^a-zA-Z0-9]\/.test(t.secret));else{for(var r,s,a,i=l.querySelectorAll('iframe[data-secret=\"'+t.secret+'\"]'),n=l.querySelectorAll('blockquote[data-secret=\"'+t.secret+'\"]'),o=0;o<n.length;o++)n[o].style.display=\"none\";for(o=0;o<i.length;o++)if(r=i[o],e.source!==r.contentWindow);else{if(r.removeAttribute(\"style\"),\"height\"===t.message){if(1e3<(s=parseInt(t.value,10)))s=1e3;else if(~~s<200)s=200;r.height=s}if(\"link\"===t.message)if(s=l.createElement(\"a\"),a=l.createElement(\"a\"),s.href=r.getAttribute(\"src\"),a.href=t.value,a.host===s.host)if(l.activeElement===r)c.top.location.href=t.value}}},e)c.addEventListener(\"message\",c.wp.receiveEmbedMessage,!1),l.addEventListener(\"DOMContentLoaded\",t,!1),c.addEventListener(\"load\",t,!1);function t(){if(o);else{o=!0;for(var e,t,r,s=-1!==navigator.appVersion.indexOf(\"MSIE 10\"),a=!!navigator.userAgent.match(\/Trident.*rv:11\\.\/),i=l.querySelectorAll(\"iframe.wp-embedded-content\"),n=0;n<i.length;n++){if(!(r=(t=i[n]).getAttribute(\"data-secret\")))r=Math.random().toString(36).substr(2,10),t.src+=\"#?secret=\"+r,t.setAttribute(\"data-secret\",r);if(s||a)(e=t.cloneNode(!0)).removeAttribute(\"security\"),t.parentNode.replaceChild(e,t);t.contentWindow.postMessage({message:\"ready\",secret:r},\"*\")}}}}(window,document);\n<\/script>\n","thumbnail_url":"https:\/\/gudayterreros.com\/wp-content\/uploads\/2017\/11\/article-objectiu-2020-barcelona-sense-cotxes.jpeg","thumbnail_width":2336,"thumbnail_height":2049,"description":"La Arquitecta Olga Guday escribi\u00f3 para \u201cel Peri\u00f3dico\u201d, el d\u00eda 26 de Noviembre de 2017. El art\u00edculo de opini\u00f3n sobre las nuevas restricciones de circulaci\u00f3n en toda Barcelona surg\u00eda despu\u00e9s del aviso de la entrada en vigor, el d\u00eda 1 de diciembre, de estas restricciones a ciertos veh\u00edculos contaminantes en d\u00edas de niveles altos de [&hellip;]"}

La Arquitecta Olga Guday escribió para “el Periódico”, el dia 26 de Novembre de 2017.

<blockquote class="wp-embedded-content" data-secret="WcOexnyL57"><a href="https://gudayterreros.com/es/blog/articulo-opinion-restricciones-circulacion-barcelona-olga-guday/">Artículo de opinión sobre las nuevas restricciones de circulación en toda Barcelona, por Olga Guday</a></blockquote><iframe sandbox="allow-scripts" security="restricted" src="https://gudayterreros.com/es/blog/articulo-opinion-restricciones-circulacion-barcelona-olga-guday/embed/#?secret=WcOexnyL57" width="600" height="338" title="«Artículo de opinión sobre las nuevas restricciones de circulación en toda Barcelona, por Olga Guday» — Guday Terreros" data-secret="WcOexnyL57" frameborder="0" marginwidth="0" marginheight="0" scrolling="no" class="wp-embedded-content"></iframe><script type="text/javascript">
/*! This file is auto-generated */
!function(c,l){"use strict";var e=!1,o=!1;if(l.querySelector)if(c.addEventListener)e=!0;if(c.wp=c.wp||{},c.wp.receiveEmbedMessage);else if(c.wp.receiveEmbedMessage=function(e){var t=e.data;if(!t);else if(!(t.secret||t.message||t.value));else if(/[^a-zA-Z0-9]/.test(t.secret));else{for(var r,s,a,i=l.querySelectorAll('iframe[data-secret="'+t.secret+'"]'),n=l.querySelectorAll('blockquote[data-secret="'+t.secret+'"]'),o=0;o<n.length;o++)n[o].style.display="none";for(o=0;o<i.length;o++)if(r=i[o],e.source!==r.contentWindow);else{if(r.removeAttribute("style"),"height"===t.message){if(1e3<(s=parseInt(t.value,10)))s=1e3;else if(~~s<200)s=200;r.height=s}if("link"===t.message)if(s=l.createElement("a"),a=l.createElement("a"),s.href=r.getAttribute("src"),a.href=t.value,a.host===s.host)if(l.activeElement===r)c.top.location.href=t.value}}},e)c.addEventListener("message",c.wp.receiveEmbedMessage,!1),l.addEventListener("DOMContentLoaded",t,!1),c.addEventListener("load",t,!1);function t(){if(o);else{o=!0;for(var e,t,r,s=-1!==navigator.appVersion.indexOf("MSIE 10"),a=!!navigator.userAgent.match(/Trident.*rv:11\./),i=l.querySelectorAll("iframe.wp-embedded-content"),n=0;n<i.length;n++){if(!(r=(t=i[n]).getAttribute("data-secret")))r=Math.random().toString(36).substr(2,10),t.src+="#?secret="+r,t.setAttribute("data-secret",r);if(s||a)(e=t.cloneNode(!0)).removeAttribute("security"),t.parentNode.replaceChild(e,t);t.contentWindow.postMessage({message:"ready",secret:r},"*")}}}}(window,document);
</script>

La Arquitecta Olga Guday escribió para “el Periódico”, el día 26 de Noviembre de 2017. El artículo de opinión sobre las nuevas restricciones de circulación en toda Barcelona surgía después del aviso de la entrada en vigor, el día 1 de diciembre, de estas restricciones a ciertos vehículos contaminantes en días de niveles altos de [&hellip;]
